NOAA-Style Climate Reports


Report for 2024 Aprile
                   Monthly Climatological Summary for apr 2024

Name: Meteo Albiano   City: Albiano   State: Italy
Elevation: 651 m  Lat: N 46° 08' 33"   Lon: E 011° 11' 57"

                  Temperature (°C), Rain (mm), Wind Speed (km/h)

                                      Heat  Cool        Avg
    Mean                              Deg   Deg         Wind                 Dom
Day Temp  High   Time   Low    Time   Days  Days  Rain  Speed High   Time    Dir
----------------------------------------------------------------------------------
 1   9,2  12,1   17:32   4,6   23:56   9,1   0,0  40,5   1,5  33,1   09:06   SSW
 2   7,7  15,7   18:02   2,4   07:00  10,5   0,0   0,0   1,0   7,3   13:27     E
 3   7,9  13,6   15:57   4,2   04:46  10,4   0,0   0,0   0,9  14,8   16:50   SSE
 4  10,5  18,9   16:33   4,6   07:00   7,8   0,0   0,0   1,6  18,3   16:20   SSW
 5  12,4  20,4   15:27   7,3   06:44   6,0   0,2   0,0   1,6  18,4   14:22   SSW
 6  14,2  22,8   16:14   8,4   06:32   4,8   0,7   0,0   1,5  12,2   11:12   NNE
 7  16,1  25,8   15:57   9,9   06:44   3,6   1,4   0,0   1,3   7,2   13:09   ENE
 8  16,9  25,3   17:15  10,9   06:56   2,9   1,5   0,0   1,6  12,2   13:47     E
 9  15,2  23,6   15:41  10,2   06:22   3,8   0,7   6,3   1,5  28,1   16:27   SSW
10   8,1  11,3   00:00   6,3   13:11  10,1   0,0   6,0   2,5  29,5   12:22     N
11  12,2  21,4   17:28   5,5   06:22   6,4   0,4   0,0   1,5   7,2   01:10    NE
12  15,8  24,2   16:36   9,6   06:24   3,9   1,3   0,0   1,7  18,7   20:13    NE
13  17,2  26,3   16:52  10,5   06:57   3,0   2,0   0,0   1,7  11,2   15:25     W
14  18,6  28,0   16:38  11,6   07:20   2,2   2,6   0,0   1,8  14,8   16:45    SW
15  17,1  21,9   16:28  13,0   06:56   2,0   0,8   0,0   2,0  20,9   15:57    NW
16  12,9  18,2   11:08   7,2   23:42   5,4   0,0   0,9   3,7  36,7   15:04   NNW
17   7,8  13,2   12:20   2,2   06:32  10,5   0,0   0,0   1,4  17,3   15:48     N
18   7,0  11,4   15:04   2,6   06:28  11,3   0,0   0,0   2,4  25,6   20:36     N
19   7,7  15,3   16:04   1,7   05:33  10,6   0,0   0,0   1,6  20,9   15:16   SSE
20   8,2  13,9   15:46   3,1   05:44  10,1   0,0   0,0   4,0  35,6   18:17   NNW
21   6,0  11,8   14:16   1,5   05:47  12,3   0,0   0,9   1,5  17,3   17:47     S
22   3,3   4,6   15:31   2,5   03:15  15,0   0,0   5,4   0,5   6,1   06:07   ESE
23   4,7   9,4   17:52   2,3   06:45  13,6   0,0   0,9   0,9  13,3   11:08    NW
24   7,0  14,8   15:35   2,8   23:59  11,4   0,0   0,3   1,6  18,4   14:47   NNW
25   5,9  13,5   14:47   0,1   06:53  12,4   0,0   0,3   1,6  24,5   15:59   SSW
26   8,8  15,3   16:43   5,1   06:26   9,5   0,0   0,0   1,3  17,3   14:11   WSW
27   9,9  16,3   15:03   5,3   05:49   8,4   0,0   0,0   1,3  18,7   16:10   SSW
28  12,8  21,4   17:06   8,3   08:15   5,7   0,2   0,3   1,1  14,8   14:54   SSW
29  14,8  24,2   17:29   7,4   05:50   4,6   1,0   0,0   1,5  11,2   12:52   NNW
30  17,5  26,2   17:00  10,8   07:23   2,8   2,0   4,5   1,7 194,0   22:06    NW
----------------------------------------------------------------------------------
    11,1  28,0    14     0,1    25   230,1  14,8  66,3   1,7 194,0    30      NW

Max >=  27,0:  1
Max <=   0,0:  0
Min <=   0,0:  0
Min <= -18,0:  0
Max Rain: 40,5 on day 1
Days of Rain: 11 (>= 0,2 mm)  5 (>= 2,0 mm)  1 (>= 20,0 mm)
Heat Base: 18,3  Cool Base: 18,3  Method: Integration