NOAA-Style Climate Reports

Select a Year or Month report
2021: Gen Feb Mar Apr Mag Giu Lug Ago Set Ott Nov Dic
2020: Gen Feb Mar Apr Mag Giu Lug Ago Set Ott Nov Dic
2019: Gen Feb Mar Apr Mag Giu Lug Ago Set Ott Nov Dic
2018: Gen Feb Mar Apr Mag Giu Lug Ago Set Ott Nov Dic

Report for 2021 Ottobre
                   Monthly Climatological Summary for ott 2021

Name: Meteo Albiano   City: Albiano   State: Italy
Elevation: 651 m  Lat: N 46° 08' 33"   Lon: E 011° 11' 57"

                  Temperature (°C), Rain (mm), Wind Speed (km/h)

                                      Heat  Cool        Avg
    Mean                              Deg   Deg         Wind                 Dom
Day Temp  High   Time   Low    Time   Days  Days  Rain  Speed High   Time    Dir
----------------------------------------------------------------------------------
 1  14,3  20,4   15:20  11,0   08:12   4,2   0,2   0,0   1,7  13,3   16:16   ESE
 2  14,0  20,4   15:58  10,0   07:37   4,5   0,2   0,0   1,7  13,3   14:57     E
 3  13,5  16,0   13:39  11,3   03:21   4,8   0,0   0,0   0,6   6,1   12:10   ENE
 4  16,1  21,3   12:55  13,4   06:59   2,4   0,3   3,0   1,4  12,2   12:47     E
 5  14,0  15,7   11:43  12,4   22:06   4,3   0,0  33,3   1,0  17,3   12:00     E
 6  10,5  12,4   00:00   7,7   20:11   7,8   0,0   8,1   2,9  30,6   15:42    NE
 7  12,6  16,0   12:56   8,8   03:02   5,7   0,0   0,0   7,6  36,7   15:58    NE
 8  12,6  18,5   15:08   9,8   22:27   5,7   0,0   0,0   2,2  15,8   00:09     E
 9  11,1  16,4   15:16   8,7   08:55   7,2   0,0   0,0   1,3  12,2   14:19    NE
10   8,7  15,2   15:19   5,4   07:54   9,6   0,0   0,0   2,0  11,2   13:15   ESE
11   9,7  17,3   14:10   5,9   07:36   8,6   0,0   0,0   2,5   9,7   13:21   SSE
12   8,6  14,2   15:35   5,7   08:14   9,7   0,0   0,0   1,7   8,6   15:11   ESE
13   8,5  15,2   15:21   4,5   07:01   9,8   0,0   0,0   3,5  24,5   14:47     E
14   6,8  14,1   16:49   2,3   08:07  11,5   0,0   0,0   2,1  11,2   10:54    SE
15   6,9  13,6   15:46   2,8   06:38  11,4   0,0   0,0   1,8   8,6   23:53   ESE
16   8,4  16,3   14:58   4,0   07:08   9,9   0,0   0,0   2,0  14,8   15:57    SE
17   8,4  15,1   16:16   5,0   07:23  10,1   0,0   0,0   1,8   8,6   14:57    SE
18   8,8  15,8   15:55   5,0   07:02   9,5   0,0   0,0   1,7   6,1   13:43    SE
19   9,0  13,3   16:26   5,9   06:17   9,3   0,0   0,0   1,4   7,2   13:34   ESE
20  10,0  16,2   15:13   6,0   07:54   8,3   0,0   0,0   1,3  15,8   12:58   ESE
21  11,6  14,1   15:13  10,1   08:17   6,7   0,0   2,4   1,6  14,8   09:41   ENE
----------------------------------------------------------------------------------
    10,7  21,3     4     2,3    14   161,0   0,7  46,8   2,1  36,7     7       E

Max >=  27,0:  0
Max <=   0,0:  0
Min <=   0,0:  0
Min <= -18,0:  0
Max Rain: 33,3 on day 5
Days of Rain: 4 (>= 0,2 mm)  4 (>= 2,0 mm)  1 (>= 20,0 mm)
Heat Base: 18,3  Cool Base: 18,3  Method: Integration