NOAA-Style Climate Reports
Select a Year or Month report
2024: Gen Feb Mar Apr Mag Giu Lug Ago Set Ott Nov Dic
2023: Gen Feb Mar Apr Mag Giu Lug Ago Set Ott Nov Dic
2022: Gen Feb Mar Apr Mag Giu Lug Ago Set Ott Nov Dic
2021: Gen Feb Mar Apr Mag Giu Lug Ago Set Ott Nov Dic
2020: Gen Feb Mar Apr Mag Giu Lug Ago Set Ott Nov Dic
2019: Gen Feb Mar Apr Mag Giu Lug Ago Set Ott Nov Dic
2018: Gen Feb Mar Apr Mag Giu Lug Ago Set Ott Nov Dic
2024: Gen Feb Mar Apr Mag Giu Lug Ago Set Ott Nov Dic
2023: Gen Feb Mar Apr Mag Giu Lug Ago Set Ott Nov Dic
2022: Gen Feb Mar Apr Mag Giu Lug Ago Set Ott Nov Dic
2021: Gen Feb Mar Apr Mag Giu Lug Ago Set Ott Nov Dic
2020: Gen Feb Mar Apr Mag Giu Lug Ago Set Ott Nov Dic
2019: Gen Feb Mar Apr Mag Giu Lug Ago Set Ott Nov Dic
2018: Gen Feb Mar Apr Mag Giu Lug Ago Set Ott Nov Dic
Report for 2024 Gennaio
Monthly Climatological Summary for gen 2024 Name: Meteo Albiano City: Albiano State: Italy Elevation: 651 m Lat: N 46° 08' 33" Lon: E 011° 11' 57" Temperature (°C), Rain (mm), Wind Speed (km/h) Heat Cool Avg Mean Deg Deg Wind Dom Day Temp High Time Low Time Days Days Rain Speed High Time Dir ---------------------------------------------------------------------------------- 1 2,1 5,3 14:33 0,0 23:51 16,2 0,0 2,7 2,2 15,9 00:50 ESE 2 0,6 2,9 15:05 -1,2 08:33 17,7 0,0 0,0 1,3 18,7 19:19 ESE 3 2,9 8,6 14:43 1,3 00:49 15,4 0,0 0,0 1,2 6,1 10:47 ESE 4 2,7 8,7 14:54 0,4 07:55 15,6 0,0 0,0 2,3 13,3 19:49 ESE 5 1,6 3,2 11:02 0,5 17:51 16,7 0,0 7,5 0,8 7,2 02:11 ESE 6 2,3 4,7 18:20 0,4 02:06 16,0 0,0 33,6 2,1 14,8 21:03 NE 7 4,9 6,4 14:38 3,2 03:05 13,4 0,0 0,0 6,8 24,5 17:36 N 8 4,6 7,0 14:05 2,8 18:24 13,7 0,0 0,0 2,7 13,3 00:56 NNE 9 2,2 4,2 14:32 0,6 22:34 16,0 0,0 0,0 1,1 6,1 15:02 E 10 0,7 3,2 14:20 -1,3 23:53 17,5 0,0 0,0 1,3 12,2 01:35 E 11 -0,2 6,4 15:08 -2,6 07:09 18,5 0,0 0,0 2,1 18,7 21:01 ESE 12 0,7 7,6 15:05 -1,1 06:23 17,6 0,0 0,0 2,4 7,2 00:35 SE 13 -0,3 7,1 15:13 -2,4 08:06 18,6 0,0 0,0 2,3 7,2 00:41 ESE 14 -1,0 3,7 14:16 -3,8 07:55 19,3 0,0 0,0 1,5 7,2 14:50 ESE 15 -0,1 5,6 14:55 -1,9 05:34 18,7 0,0 0,0 1,7 7,2 15:00 ESE 16 -0,1 5,9 15:23 -2,6 08:16 18,4 0,0 0,0 2,4 8,6 09:12 ESE 17 -0,7 0,1 22:52 -1,7 00:40 19,0 0,0 8,7 0,7 9,7 02:11 NNE 18 1,4 3,5 15:35 -0,2 05:33 16,9 0,0 24,0 0,5 5,1 14:55 ENE 19 2,6 4,5 11:10 -1,4 23:22 15,7 0,0 2,7 7,1 28,1 13:25 N 20 -1,8 5,2 15:16 -4,5 07:57 20,1 0,0 0,0 4,4 23,4 00:52 NNW 21 -2,4 1,6 14:34 -5,0 07:49 20,7 0,0 0,0 1,9 7,2 05:40 ESE 22 -0,6 2,9 13:49 -3,5 04:38 18,9 0,0 0,0 1,8 6,1 00:29 ESE 23 1,8 8,8 14:39 -1,9 07:32 16,5 0,0 0,0 2,7 9,7 21:40 ESE 24 1,7 7,4 15:54 -1,9 05:48 16,7 0,0 0,0 2,4 8,6 17:46 ESE 25 5,4 12,7 15:17 2,8 00:29 12,9 0,0 0,0 2,4 9,7 20:52 ESE 26 5,5 10,1 13:53 3,0 05:32 12,8 0,0 0,0 2,8 12,2 16:20 ESE 27 7,0 15,4 15:12 3,2 23:52 11,3 0,0 0,0 3,7 19,4 15:29 ESE 28 3,3 11,0 15:27 0,3 08:33 15,0 0,0 0,0 2,7 12,2 09:54 SE 29 2,4 9,7 15:26 -1,1 07:25 15,9 0,0 0,0 2,4 12,2 06:11 ESE 30 3,0 9,7 15:08 -0,4 07:04 15,3 0,0 0,0 2,5 18,7 08:36 ESE 31 3,5 8,8 15:47 0,4 07:42 14,8 0,0 0,0 2,1 6,1 00:40 ESE ---------------------------------------------------------------------------------- 1,8 15,4 27 -5,0 21 511,8 0,0 79,2 2,4 28,1 19 E Max >= 27,0: 0 Max <= 0,0: 0 Min <= 0,0: 19 Min <= -18,0: 0 Max Rain: 33,6 on day 6 Days of Rain: 6 (>= 0,2 mm) 6 (>= 2,0 mm) 2 (>= 20,0 mm) Heat Base: 18,3 Cool Base: 18,3 Method: Integration