NOAA-Style Climate Reports
Select a Year or Month report
2024: Gen Feb Mar Apr Mag Giu Lug Ago Set Ott Nov Dic
2023: Gen Feb Mar Apr Mag Giu Lug Ago Set Ott Nov Dic
2022: Gen Feb Mar Apr Mag Giu Lug Ago Set Ott Nov Dic
2021: Gen Feb Mar Apr Mag Giu Lug Ago Set Ott Nov Dic
2020: Gen Feb Mar Apr Mag Giu Lug Ago Set Ott Nov Dic
2019: Gen Feb Mar Apr Mag Giu Lug Ago Set Ott Nov Dic
2018: Gen Feb Mar Apr Mag Giu Lug Ago Set Ott Nov Dic
2024: Gen Feb Mar Apr Mag Giu Lug Ago Set Ott Nov Dic
2023: Gen Feb Mar Apr Mag Giu Lug Ago Set Ott Nov Dic
2022: Gen Feb Mar Apr Mag Giu Lug Ago Set Ott Nov Dic
2021: Gen Feb Mar Apr Mag Giu Lug Ago Set Ott Nov Dic
2020: Gen Feb Mar Apr Mag Giu Lug Ago Set Ott Nov Dic
2019: Gen Feb Mar Apr Mag Giu Lug Ago Set Ott Nov Dic
2018: Gen Feb Mar Apr Mag Giu Lug Ago Set Ott Nov Dic
Report for 2023 Ottobre
Monthly Climatological Summary for ott 2023 Name: Meteo Albiano City: Albiano State: Italy Elevation: 651 m Lat: N 46° 08' 33" Lon: E 011° 11' 57" Temperature (°C), Rain (mm), Wind Speed (km/h) Heat Cool Avg Mean Deg Deg Wind Dom Day Temp High Time Low Time Days Days Rain Speed High Time Dir ---------------------------------------------------------------------------------- 1 16,3 22,7 15:52 12,0 07:49 2,8 0,8 0,0 2,2 9,7 22:15 E 2 16,1 23,9 16:29 11,3 07:30 3,1 0,8 0,0 2,2 12,2 15:53 ESE 3 16,8 23,5 15:28 12,5 07:17 2,3 0,8 0,0 2,0 13,3 15:47 E 4 17,4 23,3 15:26 13,9 06:27 1,6 0,7 0,0 2,2 13,3 17:03 E 5 17,0 21,5 15:30 14,1 06:54 1,8 0,5 0,0 1,7 11,2 15:21 NE 6 16,0 23,2 16:10 12,0 07:55 3,0 0,7 0,0 2,2 11,2 14:50 ESE 7 15,4 22,6 15:05 10,7 07:46 3,5 0,6 0,0 2,4 18,7 00:42 ESE 8 17,1 25,2 16:18 12,7 05:36 2,4 1,2 0,0 2,6 18,7 10:59 ESE 9 18,0 24,9 16:12 13,6 07:32 1,5 1,2 0,0 2,6 13,3 00:58 ESE 10 17,4 22,3 15:48 14,2 07:20 1,6 0,7 0,0 2,3 8,6 03:41 ESE 11 15,9 23,4 16:17 11,3 07:26 3,2 0,8 0,0 2,4 18,7 11:30 ESE 12 16,2 23,1 15:17 12,1 08:07 2,7 0,6 0,0 1,8 11,2 02:59 ENE 13 16,9 21,7 15:31 14,3 08:06 1,9 0,5 0,0 2,1 17,3 13:54 ESE 14 15,3 20,2 15:29 11,6 08:15 3,1 0,1 0,0 1,9 11,2 14:09 ESE 15 15,1 19,3 13:57 11,5 23:58 3,3 0,1 0,0 3,5 20,9 20:37 N 16 8,9 14,6 16:10 5,9 07:07 9,4 0,0 0,0 1,9 12,2 15:05 ESE 17 7,8 14,7 15:40 3,8 06:45 10,5 0,0 0,0 1,9 8,6 03:16 E 18 7,7 10,6 14:55 4,6 07:18 10,6 0,0 3,3 1,1 6,1 12:00 ENE 19 10,0 11,5 23:05 8,7 03:26 8,3 0,0 11,4 0,6 7,2 23:51 NNE 20 13,7 14,9 10:16 11,2 00:08 4,6 0,0 30,9 1,9 22,0 18:36 ESE 21 12,9 16,2 15:34 11,5 04:17 5,4 0,0 3,9 1,3 8,6 00:46 E 22 12,0 16,9 15:31 9,5 07:19 6,3 0,0 2,4 1,5 18,7 22:33 ESE 23 11,5 16,1 15:03 8,7 05:39 6,8 0,0 3,3 1,6 8,6 13:47 ESE 24 11,8 12,6 15:35 11,4 09:50 6,5 0,0 26,7 0,8 15,9 05:53 NNE 25 12,3 15,6 16:23 10,4 23:53 6,0 0,0 0,3 1,2 7,2 13:11 ENE 26 11,5 14,1 16:06 9,5 08:06 6,8 0,0 5,1 1,2 11,2 10:11 NNE 27 11,9 18,0 15:21 8,9 23:59 6,4 0,0 15,6 1,9 9,7 00:29 ESE 28 9,7 15,9 15:05 6,7 07:30 8,6 0,0 0,0 2,1 12,2 15:55 ESE 29 9,1 11,3 16:13 6,5 04:36 9,5 0,0 2,4 1,3 18,7 20:28 E 30 11,5 13,2 12:27 10,0 00:06 6,8 0,0 48,6 1,1 8,6 08:42 NE 31 9,5 13,2 02:34 5,3 23:42 8,8 0,0 7,2 3,4 24,5 11:58 E ---------------------------------------------------------------------------------- 13,5 25,2 8 3,8 17 159,1 10,1 161,1 1,9 24,5 31 E Max >= 27,0: 0 Max <= 0,0: 0 Min <= 0,0: 0 Min <= -18,0: 0 Max Rain: 48,6 on day 30 Days of Rain: 13 (>= 0,2 mm) 12 (>= 2,0 mm) 3 (>= 20,0 mm) Heat Base: 18,3 Cool Base: 18,3 Method: Integration