NOAA-Style Climate Reports
Select a Year or Month report
2024: Gen Feb Mar Apr Mag Giu Lug Ago Set Ott Nov Dic
2023: Gen Feb Mar Apr Mag Giu Lug Ago Set Ott Nov Dic
2022: Gen Feb Mar Apr Mag Giu Lug Ago Set Ott Nov Dic
2021: Gen Feb Mar Apr Mag Giu Lug Ago Set Ott Nov Dic
2020: Gen Feb Mar Apr Mag Giu Lug Ago Set Ott Nov Dic
2019: Gen Feb Mar Apr Mag Giu Lug Ago Set Ott Nov Dic
2018: Gen Feb Mar Apr Mag Giu Lug Ago Set Ott Nov Dic
2024: Gen Feb Mar Apr Mag Giu Lug Ago Set Ott Nov Dic
2023: Gen Feb Mar Apr Mag Giu Lug Ago Set Ott Nov Dic
2022: Gen Feb Mar Apr Mag Giu Lug Ago Set Ott Nov Dic
2021: Gen Feb Mar Apr Mag Giu Lug Ago Set Ott Nov Dic
2020: Gen Feb Mar Apr Mag Giu Lug Ago Set Ott Nov Dic
2019: Gen Feb Mar Apr Mag Giu Lug Ago Set Ott Nov Dic
2018: Gen Feb Mar Apr Mag Giu Lug Ago Set Ott Nov Dic
Report for 2023 Settembre
Monthly Climatological Summary for set 2023 Name: Meteo Albiano City: Albiano State: Italy Elevation: 651 m Lat: N 46° 08' 33" Lon: E 011° 11' 57" Temperature (°C), Rain (mm), Wind Speed (km/h) Heat Cool Avg Mean Deg Deg Wind Dom Day Temp High Time Low Time Days Days Rain Speed High Time Dir ---------------------------------------------------------------------------------- 1 18,2 24,6 16:21 12,9 07:11 1,8 1,7 0,0 2,4 15,8 13:32 ESE 2 19,6 26,7 15:45 14,7 07:16 1,1 2,4 0,0 2,4 17,3 14:41 E 3 20,0 27,5 15:28 15,2 06:52 0,8 2,6 0,0 1,9 9,7 15:48 E 4 20,0 27,4 15:48 15,1 06:35 0,9 2,6 0,0 2,4 11,2 16:58 ENE 5 19,6 24,8 16:46 16,5 22:58 0,3 1,6 0,0 2,2 15,8 10:41 ESE 6 19,2 27,5 15:55 13,8 06:34 1,5 2,4 0,0 2,3 13,3 15:23 ESE 7 19,4 27,3 15:45 14,4 07:06 1,3 2,4 0,0 2,5 13,3 15:11 E 8 19,7 27,4 16:42 14,6 07:01 1,2 2,6 0,0 2,4 14,8 15:07 E 9 20,1 27,5 15:07 15,3 06:55 0,9 2,7 0,0 2,3 13,3 15:58 E 10 20,7 28,5 15:17 15,8 07:10 0,6 3,0 0,0 2,2 18,4 16:17 E 11 20,5 28,5 15:38 15,5 07:26 0,8 3,0 0,0 2,5 14,8 15:40 E 12 20,7 27,4 16:12 15,7 07:18 0,6 2,9 0,0 2,1 17,3 18:24 E 13 19,9 25,2 15:44 16,9 23:34 0,2 1,7 6,9 2,0 24,5 17:21 ESE 14 18,3 25,1 15:43 15,6 07:02 1,1 1,1 6,3 1,5 15,8 15:33 E 15 18,4 24,3 14:51 14,9 07:09 1,2 1,3 0,0 2,1 19,4 13:29 ESE 16 17,8 23,4 14:37 13,9 07:25 1,4 0,9 0,0 1,7 13,3 14:41 ESE 17 19,3 24,6 15:49 16,1 04:20 0,6 1,6 0,0 1,7 9,7 15:19 NNE 18 18,3 22,0 13:21 15,9 06:43 0,6 0,6 15,9 1,5 15,8 13:13 ENE 19 18,2 25,0 16:30 13,6 07:27 1,5 1,4 0,3 2,0 11,2 16:43 E 20 17,8 23,9 15:31 14,7 05:50 1,5 1,0 1,2 1,9 12,2 14:32 E 21 16,3 20,4 14:24 12,8 06:38 2,2 0,2 0,6 1,9 13,3 15:35 ENE 22 15,2 16,3 13:24 13,7 23:53 3,1 0,0 20,7 2,0 14,8 05:12 SE 23 14,8 20,9 16:46 11,3 07:41 3,8 0,3 0,3 2,5 17,3 23:18 NE 24 14,3 20,7 17:12 9,7 07:08 4,3 0,3 0,0 4,9 27,0 12:05 NNE 25 13,5 21,0 16:51 8,5 06:22 5,1 0,3 0,0 2,7 18,7 00:55 ESE 26 15,6 24,0 16:44 10,7 07:38 3,5 0,8 0,0 2,3 11,2 15:17 E 27 16,6 24,6 15:19 12,2 06:40 2,8 1,1 0,0 2,3 11,2 14:13 ESE ---------------------------------------------------------------------------------- 18,8 28,5 10 8,5 25 47,4 43,5 52,2 2,2 27,0 24 E Max >= 27,0: 9 Max <= 0,0: 0 Min <= 0,0: 0 Min <= -18,0: 0 Max Rain: 20,7 on day 22 Days of Rain: 8 (>= 0,2 mm) 4 (>= 2,0 mm) 1 (>= 20,0 mm) Heat Base: 18,3 Cool Base: 18,3 Method: Integration