NOAA-Style Climate Reports
Select a Year or Month report
2024: Gen Feb Mar Apr Mag Giu Lug Ago Set Ott Nov Dic
2023: Gen Feb Mar Apr Mag Giu Lug Ago Set Ott Nov Dic
2022: Gen Feb Mar Apr Mag Giu Lug Ago Set Ott Nov Dic
2021: Gen Feb Mar Apr Mag Giu Lug Ago Set Ott Nov Dic
2020: Gen Feb Mar Apr Mag Giu Lug Ago Set Ott Nov Dic
2019: Gen Feb Mar Apr Mag Giu Lug Ago Set Ott Nov Dic
2018: Gen Feb Mar Apr Mag Giu Lug Ago Set Ott Nov Dic
2024: Gen Feb Mar Apr Mag Giu Lug Ago Set Ott Nov Dic
2023: Gen Feb Mar Apr Mag Giu Lug Ago Set Ott Nov Dic
2022: Gen Feb Mar Apr Mag Giu Lug Ago Set Ott Nov Dic
2021: Gen Feb Mar Apr Mag Giu Lug Ago Set Ott Nov Dic
2020: Gen Feb Mar Apr Mag Giu Lug Ago Set Ott Nov Dic
2019: Gen Feb Mar Apr Mag Giu Lug Ago Set Ott Nov Dic
2018: Gen Feb Mar Apr Mag Giu Lug Ago Set Ott Nov Dic
Report for 2023 Agosto
Monthly Climatological Summary for ago 2023 Name: Meteo Albiano City: Albiano State: Italy Elevation: 651 m Lat: N 46° 08' 33" Lon: E 011° 11' 57" Temperature (°C), Rain (mm), Wind Speed (km/h) Heat Cool Avg Mean Deg Deg Wind Dom Day Temp High Time Low Time Days Days Rain Speed High Time Dir ---------------------------------------------------------------------------------- 1 20,7 25,6 16:26 17,6 23:36 0,0 2,5 2,4 2,7 20,9 15:58 ENE 2 19,9 26,0 16:40 14,9 05:36 0,8 2,4 0,0 3,2 18,4 17:29 NE 3 22,0 27,5 15:17 18,4 23:53 0,0 3,7 3,6 3,9 27,0 15:01 SE 4 18,3 22,6 15:14 14,2 22:53 1,0 1,0 0,6 2,0 14,8 17:54 ENE 5 16,9 21,9 14:09 13,6 08:36 2,1 0,7 2,7 4,0 22,0 06:25 N 6 17,3 23,8 15:13 12,4 05:37 2,3 1,3 0,6 3,5 22,0 23:06 NE 7 17,2 23,3 16:33 10,9 07:00 2,5 1,3 0,0 5,9 24,5 17:43 NNW 8 16,5 23,5 15:13 11,0 06:19 2,9 1,1 0,0 2,8 17,3 15:13 ENE 9 17,6 23,3 16:32 14,0 05:50 1,7 1,0 0,0 2,2 14,8 16:32 N 10 20,2 26,2 17:00 16,7 06:40 0,4 2,3 0,0 2,2 17,3 17:18 NE 11 21,7 29,6 16:39 16,5 06:44 0,4 3,8 0,0 2,5 15,8 17:35 NE 12 21,8 29,2 15:38 16,6 06:40 0,3 3,8 0,3 2,4 14,8 14:37 E 13 23,1 31,5 16:26 17,8 06:19 0,1 4,8 0,3 2,3 19,4 17:31 E 14 23,3 31,3 15:48 16,8 07:23 0,2 5,2 0,0 2,9 19,4 14:36 ESE 15 22,7 30,7 15:38 17,4 20:59 0,1 4,5 16,2 2,9 18,4 16:40 E 16 21,3 29,5 16:43 16,4 06:07 0,5 3,6 6,6 2,4 14,8 17:05 E 17 22,0 30,2 16:05 16,4 23:47 0,2 3,9 6,3 3,0 19,4 18:59 ENE 18 20,5 29,2 16:58 15,3 05:50 1,0 3,2 0,9 2,5 9,7 14:15 E 19 23,0 32,0 16:23 17,4 07:49 0,1 4,8 0,0 2,5 9,7 05:11 ENE 20 24,1 32,0 16:05 18,6 06:39 0,0 5,8 0,0 2,5 12,2 15:51 ENE 21 25,2 33,5 16:24 20,1 08:22 0,0 6,9 0,0 2,7 12,2 06:46 E 22 25,6 33,8 15:43 20,5 07:57 0,0 7,3 0,0 2,5 12,2 15:26 E 23 26,1 33,9 15:43 20,7 07:07 0,0 7,8 0,0 2,7 17,3 17:13 E 24 25,4 33,2 16:25 20,6 06:33 0,0 7,1 0,0 2,6 20,9 17:11 ESE 25 26,0 33,2 15:32 20,4 06:19 0,0 7,7 0,0 2,7 20,9 15:37 ESE 26 24,5 31,5 14:37 20,5 06:51 0,0 6,2 0,0 2,5 20,9 15:45 ESE 27 20,9 24,6 13:07 17,3 23:58 0,0 2,6 2,4 2,1 20,9 13:09 E 28 16,9 20,5 14:33 14,4 22:57 1,6 0,2 35,1 1,9 18,4 14:47 ENE 29 15,1 18,3 17:20 12,3 08:07 3,2 0,0 2,1 3,9 22,0 17:16 NNE 30 16,6 22,1 15:50 13,4 05:26 2,2 0,5 0,0 2,2 13,3 16:45 NE 31 16,6 22,8 14:29 12,0 06:41 2,5 0,8 0,0 2,2 20,9 15:59 ESE ---------------------------------------------------------------------------------- 20,9 33,9 23 10,9 7 26,1 107,8 80,1 2,8 27,0 3 ENE Max >= 27,0: 17 Max <= 0,0: 0 Min <= 0,0: 0 Min <= -18,0: 0 Max Rain: 35,1 on day 28 Days of Rain: 14 (>= 0,2 mm) 9 (>= 2,0 mm) 1 (>= 20,0 mm) Heat Base: 18,3 Cool Base: 18,3 Method: Integration