NOAA-Style Climate Reports
Select a Year or Month report
2024: Gen Feb Mar Apr Mag Giu Lug Ago Set Ott Nov Dic
2023: Gen Feb Mar Apr Mag Giu Lug Ago Set Ott Nov Dic
2022: Gen Feb Mar Apr Mag Giu Lug Ago Set Ott Nov Dic
2021: Gen Feb Mar Apr Mag Giu Lug Ago Set Ott Nov Dic
2020: Gen Feb Mar Apr Mag Giu Lug Ago Set Ott Nov Dic
2019: Gen Feb Mar Apr Mag Giu Lug Ago Set Ott Nov Dic
2018: Gen Feb Mar Apr Mag Giu Lug Ago Set Ott Nov Dic
2024: Gen Feb Mar Apr Mag Giu Lug Ago Set Ott Nov Dic
2023: Gen Feb Mar Apr Mag Giu Lug Ago Set Ott Nov Dic
2022: Gen Feb Mar Apr Mag Giu Lug Ago Set Ott Nov Dic
2021: Gen Feb Mar Apr Mag Giu Lug Ago Set Ott Nov Dic
2020: Gen Feb Mar Apr Mag Giu Lug Ago Set Ott Nov Dic
2019: Gen Feb Mar Apr Mag Giu Lug Ago Set Ott Nov Dic
2018: Gen Feb Mar Apr Mag Giu Lug Ago Set Ott Nov Dic
Report for 2023 Marzo
Monthly Climatological Summary for mar 2023 Name: Meteo Albiano City: Albiano State: Italy Elevation: 651 m Lat: N 46° 08' 33" Lon: E 011° 11' 57" Temperature (°C), Rain (mm), Wind Speed (km/h) Heat Cool Avg Mean Deg Deg Wind Dom Day Temp High Time Low Time Days Days Rain Speed High Time Dir ---------------------------------------------------------------------------------- 1 3,6 7,4 12:18 -0,3 03:48 14,7 0,0 0,0 2,3 12,2 13:09 SE 2 4,7 9,3 15:15 2,7 05:50 13,6 0,0 0,3 2,0 12,0 15:45 SE 3 5,2 11,7 14:52 0,1 02:25 12,9 0,0 0,0 2,3 18,7 15:03 ESE 4 6,1 14,6 15:59 0,1 06:38 12,2 0,0 0,0 2,8 11,2 12:50 E 5 5,8 13,4 15:13 0,6 07:15 12,5 0,0 0,0 3,0 18,4 14:37 SE 6 6,5 11,3 15:18 4,5 07:45 11,8 0,0 0,0 2,0 15,8 14:33 W 7 6,3 9,8 15:31 0,1 08:48 12,0 0,0 0,0 2,0 14,8 20:14 E 8 7,1 13,1 13:58 2,0 07:10 11,2 0,0 0,0 2,9 17,3 13:33 SSE 9 9,6 16,5 15:36 5,9 05:37 8,7 0,0 0,3 2,3 18,7 14:55 NE 10 8,8 15,3 14:21 5,3 07:20 9,5 0,0 0,0 2,2 17,3 12:51 NE 11 9,8 17,5 15:37 4,2 07:25 8,5 0,0 0,0 3,8 20,9 13:57 NE 12 8,4 15,3 14:11 4,7 04:43 9,8 0,0 0,0 2,5 14,8 11:53 NE 13 7,9 13,5 14:21 4,3 03:13 10,4 0,0 0,0 2,2 13,3 14:32 NNE 14 9,0 13,0 14:47 6,3 03:04 9,3 0,0 12,3 4,4 25,6 23:51 NW 15 6,9 10,1 15:52 1,7 23:51 11,4 0,0 0,0 8,9 43,9 16:14 NNW 16 4,6 12,6 15:27 -0,3 06:24 13,6 0,0 0,9 2,8 14,8 14:55 ESE 17 5,8 13,4 15:08 1,0 07:15 12,5 0,0 0,0 2,2 13,3 14:48 E 18 7,5 15,7 14:57 2,8 05:56 10,8 0,0 0,0 2,5 22,0 13:28 S 19 7,9 13,7 15:05 3,2 06:39 10,4 0,0 0,0 2,1 15,8 15:59 SE 20 8,9 16,6 14:49 0,1 09:12 9,4 0,0 0,0 2,4 19,4 14:55 S 21 10,2 17,3 14:19 5,2 06:33 8,1 0,0 0,0 2,5 13,3 13:55 ENE 22 11,9 19,4 15:09 7,2 06:45 6,5 0,1 0,0 2,7 17,2 13:55 SSE 23 12,0 19,3 14:59 7,2 06:29 6,4 0,0 0,0 2,8 17,3 13:11 SSE 24 11,4 15,7 16:21 7,8 04:50 6,9 0,0 0,0 2,4 17,3 17:35 WSW 25 12,3 18,4 14:30 4,8 00:40 6,0 0,0 0,0 2,3 20,9 13:11 ENE 26 7,9 25,6 13:38 4,7 06:26 10,2 0,0 2,7 2,5 19,4 15:59 SSE 27 6,1 12,6 14:21 -0,4 22:29 12,5 0,0 0,3 7,6 43,9 12:10 N 28 4,5 12,8 17:22 -0,1 00:29 13,7 0,0 0,9 4,1 25,6 06:59 N 29 7,3 15,2 17:49 0,1 08:28 11,0 0,0 0,0 2,8 15,8 13:18 NNE 30 8,1 9,8 13:26 5,8 06:15 10,2 0,0 0,0 1,2 8,6 13:54 NE 31 8,4 10,8 15:24 5,9 23:55 9,9 0,0 5,4 2,0 20,9 16:43 SSW ---------------------------------------------------------------------------------- 7,8 25,6 26 -0,4 27 326,6 0,1 23,1 2,9 43,9 15 ENE Max >= 27,0: 0 Max <= 0,0: 0 Min <= 0,0: 4 Min <= -18,0: 0 Max Rain: 12,3 on day 14 Days of Rain: 8 (>= 0,2 mm) 3 (>= 2,0 mm) 0 (>= 20,0 mm) Heat Base: 18,3 Cool Base: 18,3 Method: Integration