NOAA-Style Climate Reports

Select a Year or Month report
2021: Gen Feb Mar Apr Mag Giu Lug Ago Set Ott Nov Dic
2020: Gen Feb Mar Apr Mag Giu Lug Ago Set Ott Nov Dic
2019: Gen Feb Mar Apr Mag Giu Lug Ago Set Ott Nov Dic
2018: Gen Feb Mar Apr Mag Giu Lug Ago Set Ott Nov Dic

Report for 2021 Giugno
                   Monthly Climatological Summary for giu 2021

Name: Meteo Albiano   City: Albiano   State: Italy
Elevation: 651 m  Lat: N 46° 08' 33"   Lon: E 011° 11' 57"

                  Temperature (°C), Rain (mm), Wind Speed (km/h)

                                      Heat  Cool        Avg
    Mean                              Deg   Deg         Wind                 Dom
Day Temp  High   Time   Low    Time   Days  Days  Rain  Speed High   Time    Dir
----------------------------------------------------------------------------------
 1  16,6  23,2   17:38  11,2   02:11   2,8   1,1   0,0   3,0  18,4   15:35   ESE
 2  17,7  23,4   15:23  12,4   05:54   1,9   1,2   0,0   2,8  19,4   13:02   SSE
 3  18,2  25,5   15:09  12,3   04:28   2,2   2,0   0,0   2,8  17,3   18:52    SE
 4  19,3  26,3   14:31  13,4   05:26   1,4   2,4   0,0   2,6  22,0   15:34   ESE
 5  18,0  25,8   14:15  13,7   22:52   1,9   1,5   1,8   3,1  20,9   14:36   ESE
 6  15,9  24,0   14:28  12,2   06:06   3,0   0,6  12,9   2,5  17,3   14:55    SE
 7  16,2  20,0   13:02  13,7   04:38   2,3   0,1   3,0   1,8   9,7   13:38    NE
 8  16,9  25,0   17:15  12,9   05:26   2,6   1,2  18,9   2,3  25,6   18:27   NNE
 9  15,9  25,3   15:26  12,3   02:44   3,2   0,8  10,5   2,9  19,4   15:40   ESE
10  18,5  25,1   17:38  13,3   02:54   2,0   2,1   0,0   3,2  20,9   13:57    SE
11  18,9  25,1   14:20  14,7   05:47   1,2   1,9   0,0   2,7  24,5   14:12   SSE
12  19,9  27,9   17:29  13,3   05:23   1,6   3,3   0,0   2,8  15,8   17:36   ESE
13  22,4  30,3   17:22  16,2   05:32   0,5   4,6   0,0   4,3  22,0   16:29   NNE
14  21,2  28,3   15:11  14,7   05:59   0,8   3,7   0,0   2,6  14,8   16:31     E
15  21,3  27,1   15:34  16,9   05:59   0,2   3,2   0,0   2,9  19,4   17:41     E
16  21,3  27,7   16:56  15,8   05:59   0,5   3,6   0,0   2,5  18,4   15:00   SSE
17  22,3  29,1   15:51  16,3   05:40   0,3   4,3   0,0   2,7  19,4   16:50    SE
18  23,6  28,7   15:30  19,5   05:46   0,0   5,5   0,0   2,9  19,4   17:35   ESE
19  23,3  29,6   16:15  18,3   06:12   0,0   5,1   0,0   2,8  19,4   18:53    SE
20  23,6  30,2   15:37  18,6   05:09   0,0   5,3   0,0   2,8  19,4   17:43   SSE
21  24,2  30,0   16:07  19,5   06:07   0,0   5,9   0,0   3,4  23,4   11:58     S
22  22,9  28,7   16:14  17,6   05:59   0,0   4,6   0,0   3,3  19,4   16:18   SSE
23  21,2  30,2   16:28  15,6   23:57   0,5   3,5  24,0   2,8  36,7   18:45    SE
24  20,2  28,2   17:16  13,7   05:55   1,5   3,5   0,0   3,7  24,5   15:15   SSE
25  19,6  26,8   14:43  14,4   06:54   1,3   2,6   0,3   3,3  27,0   21:56    SE
26  19,9  28,1   17:03  12,9   06:13   1,8   3,4   0,0   3,3  15,8   14:44    SE
27  21,5  29,0   16:58  15,3   05:23   0,5   3,7   0,0   3,0  18,4   14:51    SE
28  23,2  30,8   15:36  17,0   06:16   0,2   5,1   0,0   3,0  24,5   17:34    SE
29  23,7  30,1   15:14  19,0   04:34   0,0   5,4   0,0   3,4  22,0   18:46   SSE
30  18,8  25,6   12:37  13,8   23:49   1,1   1,6   6,0   3,0  19,4   13:33     E
----------------------------------------------------------------------------------
    20,2  30,8    28    11,2     1    35,3  92,8  77,4   2,9  36,7    23      SE

Max >=  27,0: 17
Max <=   0,0:  0
Min <=   0,0:  0
Min <= -18,0:  0
Max Rain: 24,0 on day 23
Days of Rain: 8 (>= 0,2 mm)  6 (>= 2,0 mm)  1 (>= 20,0 mm)
Heat Base: 18,3  Cool Base: 18,3  Method: Integration