NOAA-Style Climate Reports

Select a Year or Month report
2021: Gen Feb Mar Apr Mag Giu Lug Ago Set Ott Nov Dic
2020: Gen Feb Mar Apr Mag Giu Lug Ago Set Ott Nov Dic
2019: Gen Feb Mar Apr Mag Giu Lug Ago Set Ott Nov Dic
2018: Gen Feb Mar Apr Mag Giu Lug Ago Set Ott Nov Dic

Report for 2020 Dicembre
                   Monthly Climatological Summary for dic 2020

Name: Meteo Albiano   City: Albiano   State: Italy
Elevation: 651 m  Lat: N 46° 08' 33"   Lon: E 011° 11' 57"

                  Temperature (°C), Rain (mm), Wind Speed (km/h)

                                      Heat  Cool        Avg
    Mean                              Deg   Deg         Wind                 Dom
Day Temp  High   Time   Low    Time   Days  Days  Rain  Speed High   Time    Dir
----------------------------------------------------------------------------------
 1   0,5   2,4   13:45  -1,4   07:14  17,8   0,0   0,0   1,1   5,0   01:36   ESE
 2   1,1   2,0   08:50   0,3   23:49  17,2   0,0   0,6   1,0   7,2   09:18   ESE
 3   1,2   2,9   14:06   0,0   04:37  17,1   0,0   1,5   0,8   6,1   16:20    SE
 4   1,4   2,1   13:05   0,7   16:53  16,9   0,0   1,5   0,5   9,7   12:56   ESE
 5   1,9   4,0   04:37   1,0   00:00  16,5   0,0  85,2   1,5  28,1   04:20    SE
 6   3,2   4,2   13:54   2,0   00:47  15,1   0,0  26,1   1,7   7,2   18:44    SE
 7   2,4   3,8   12:28   1,4   08:46  15,9   0,0   3,0   1,7  12,2   12:13    SE
 8   1,6   2,2   15:14   1,0   07:44  16,7   0,0   3,6   1,1   6,1   01:05    SE
 9   2,8   4,5   13:29   1,4   01:08  15,5   0,0   3,0   1,7   8,6   07:15    SE
10   2,0   3,3   14:24   0,6   07:35  16,3   0,0   0,3   1,6   6,1   07:56    SE
11   2,0   2,9   12:56   1,0   23:34  16,3   0,0   0,0   0,7   5,0   06:28   ESE
12   1,5   3,7   14:30   0,7   01:11  16,8   0,0   0,9   1,3   6,1   15:53   ESE
13   1,7   6,7   14:33  -0,2   04:22  16,6   0,0   0,0   2,3   8,6   23:12    SE
14   1,9   6,1   14:23   0,3   08:07  16,4   0,0   0,0   2,4   8,6   02:21    SE
15   3,0   4,9   15:08   1,1   01:41  15,3   0,0   0,0   1,5   6,1   08:13    SE
16   4,3   7,5   14:45   2,2   23:57  14,0   0,0   0,0   1,6   6,1   02:52    SE
17   3,0   7,2   14:43   1,7   08:49  15,3   0,0   0,0   2,0   6,1   00:27    SE
18   2,3   4,9   13:37   0,7   07:52  16,0   0,0   0,0   2,2   6,1   07:21    SE
19   2,7   4,3   15:13   1,1   02:38  15,6   0,0   0,0   1,3   6,1   13:14    SE
20   3,3   4,5   20:06   1,6   04:35  15,0   0,0   0,0   0,9   6,1   00:42   ESE
21   4,7   5,9   13:41   4,0   01:05  13,6   0,0   0,0   0,4   3,6   00:24   ESE
22   4,0   5,7   13:30   2,7   23:46  14,3   0,0   0,0   1,2   6,1   13:29   ESE
23   3,3   4,6   12:49   1,5   07:38  15,0   0,0   0,0   0,8   5,0   11:17     E
24   4,5   5,9   14:29   3,5   01:37  13,8   0,0   0,6   0,6   5,0   01:13     E
25   4,5   5,5   13:02   3,2   06:23  13,8   0,0   0,0   5,5  36,7   15:11     N
26   2,1   5,8   14:42  -1,7   23:52  16,2   0,0   0,0   5,1  25,6   09:41   NNE
27  -2,4   0,7   14:14  -4,5   08:33  20,7   0,0   0,0   1,2   7,2   01:06    SE
28  -2,5  -1,7   00:37  -3,0   10:06  20,8   0,0   0,0   0,4   5,0   13:41   ENE
29  -1,3   0,3   14:45  -3,5   07:46  19,6   0,0   0,0   0,4   3,6   00:06    SE
30   0,4   2,1   13:08  -0,8   23:20  17,9   0,0   1,2   0,8   6,1   23:26    SE
31  -2,0   2,1   14:50  -3,8   09:29  20,3   0,0   3,3   2,5   6,1   00:31    SE
----------------------------------------------------------------------------------
     1,9   7,5    16    -4,5    27   508,3   0,0 130,8   1,5  36,7    25     ESE

Max >=  27,0:  0
Max <=   0,0:  1
Min <=   0,0:  9
Min <= -18,0:  0
Max Rain: 85,2 on day 5
Days of Rain: 13 (>= 0,2 mm)  6 (>= 2,0 mm)  2 (>= 20,0 mm)
Heat Base: 18,3  Cool Base: 18,3  Method: Integration