NOAA-Style Climate Reports

Select a Year or Month report
2020: Gen Feb Mar Apr Mag Giu Lug Ago Set Ott Nov Dic
2019: Gen Feb Mar Apr Mag Giu Lug Ago Set Ott Nov Dic
2018: Gen Feb Mar Apr Mag Giu Lug Ago Set Ott Nov Dic

Report for 2019 Dicembre
                   Monthly Climatological Summary for dic 2019

Name: Meteo Albiano   City: Albiano   State: Italy
Elevation: 651 m  Lat: N 46° 08' 33"   Lon: E 011° 11' 57"

                  Temperature (°C), Rain (mm), Wind Speed (km/h)

                                      Heat  Cool        Avg
    Mean                              Deg   Deg         Wind                 Dom
Day Temp  High   Time   Low    Time   Days  Days  Rain  Speed High   Time    Dir
----------------------------------------------------------------------------------
 1   3,0   4,4   12:40   1,6   00:08  15,3   0,0   5,7   0,6   7,2   00:40     E
 2   2,8   6,3   14:23   0,9   04:29  15,5   0,0   4,5   1,7   8,6   21:14    SE
 3   1,3   5,7   14:24  -0,3   23:44  17,0   0,0   0,0   2,9   6,1   00:12    SE
 4   0,1   5,2   14:48  -2,2   08:06  18,2   0,0   0,0   2,0   7,2   00:27    SE
 5   0,9   6,1   14:17  -0,9   07:03  17,4   0,0   0,0   2,3   6,1   16:52    SE
 6   0,3   5,6   14:28  -1,6   07:02  18,0   0,0   0,0   1,9   6,1   12:36    SE
 7   1,5   6,6   14:35  -0,6   01:08  16,8   0,0   0,0   1,9   6,1   03:27    SE
 8   1,8   7,1   14:23  -0,5   08:15  16,5   0,0   0,0   1,6   6,1   09:58    SE
 9   2,4   5,6   14:37   1,3   20:32  15,9   0,0   0,0   1,3   6,1   18:06    SE
10   3,8   7,8   14:07  -0,3   23:42  14,5   0,0   0,0   6,3  35,6   11:38    NE
11  -0,6   4,1   14:40  -2,6   07:59  18,9   0,0   0,0   1,9  11,2   01:11    SE
12  -0,8   0,4   14:23  -2,3   22:58  19,1   0,0   0,0   1,0   6,1   12:22   ESE
13  -1,2   2,0   20:23  -2,6   01:11  19,5   0,0   0,0   1,3  13,3   17:49    SE
14   0,3   4,7   14:39  -1,5   05:24  18,0   0,0   2,4   2,9   8,6   07:18    SE
15   1,5   5,3   14:40  -1,0   05:07  16,8   0,0   1,8   1,8   7,2   03:07    SE
16   3,7   5,0   15:23   2,3   05:34  14,6   0,0   0,3   0,7   5,0   03:19    SE
17   6,7   8,8   17:18   4,5   00:41  11,6   0,0   1,8   1,5  14,8   16:11    SE
18   8,4  10,1   12:25   6,1   23:59   9,9   0,0   0,3   1,2   8,6   22:23    SE
19   7,0   8,5   14:20   5,9   07:58  11,3   0,0   0,3   1,1   6,1   00:07    SE
20   7,0   8,0   12:46   5,9   22:47  11,3   0,0  14,7   1,5  14,8   07:54     S
21   4,5   6,2   03:12   1,5   23:09  13,8   0,0  16,8   1,2   9,7   15:29   ESE
22   3,3   5,7   14:12   1,5   01:48  15,0   0,0   2,1   2,2  13,3   07:08    SE
23   4,7  10,0   14:35   2,4   07:52  13,6   0,0   0,0   3,6  20,9   23:58    SE
24   4,8   6,8   01:55   2,6   23:25  13,5   0,0   0,3   4,4  34,2   00:30    NE
25   4,1   8,9   14:22   1,9   09:08  14,2   0,0   0,0   3,5  18,4   20:15    SE
26   2,6   6,7   14:41   1,3   08:45  15,5   0,0   0,0   3,3  12,2   01:49    SE
27   2,0   5,8   14:11   0,2   08:11  16,4   0,0   0,0   2,2   6,1   00:41    SE
28   2,5   9,4   14:42  -0,2   07:50  15,8   0,0   0,0   3,4  24,5   14:29   ESE
29  -0,1   5,3   14:42  -1,7   05:31  18,4   0,0   0,0   2,2   6,1   02:14    SE
30   0,0   5,7   14:42  -2,6   07:20  18,3   0,0   0,0   1,9   6,1   02:37    SE
31   3,0   7,6   14:31  -0,3   02:07  15,3   0,0   0,0   2,2   7,2   21:18    SE
----------------------------------------------------------------------------------
     2,6  10,1    18    -2,6    11   485,9   0,0  51,0   2,2  35,6    10     ESE

Max >=  27,0:  0
Max <=   0,0:  0
Min <=   0,0: 16
Min <= -18,0:  0
Max Rain: 16,8 on day 21
Days of Rain: 12 (>= 0,2 mm)  6 (>= 2,0 mm)  0 (>= 20,0 mm)
Heat Base: 18,3  Cool Base: 18,3  Method: Integration