NOAA-Style Climate Reports

Select a Year or Month report
2020: Gen Feb Mar Apr Mag Giu Lug Ago Set Ott Nov Dic
2019: Gen Feb Mar Apr Mag Giu Lug Ago Set Ott Nov Dic
2018: Gen Feb Mar Apr Mag Giu Lug Ago Set Ott Nov Dic

Report for 2019 Luglio
                   Monthly Climatological Summary for lug 2019

Name: Meteo Albiano   City: Albiano   State: Italy
Elevation: 651 m  Lat: N 46° 08' 33"   Lon: E 011° 11' 57"

                  Temperature (°C), Rain (mm), Wind Speed (km/h)

                                      Heat  Cool        Avg
    Mean                              Deg   Deg         Wind                 Dom
Day Temp  High   Time   Low    Time   Days  Days  Rain  Speed High   Time    Dir
----------------------------------------------------------------------------------
 1  24,6  32,0   17:00  18,8   23:52   0,0   6,3   0,0   3,6  29,5   18:56   SSW
 2  21,5  31,4   16:40  16,4   05:47   0,4   3,5   2,1   2,9  15,8   17:16    SE
 3  19,2  27,6   14:06  16,7   04:40   0,5   1,4   4,2   3,4  31,7   14:40   ENE
 4  19,8  27,8   14:24  14,4   06:21   1,2   2,7   0,0   3,2  19,4   17:51    SE
 5  22,6  30,8   17:20  15,9   05:28   0,6   4,9   0,0   3,2  14,8   14:09     E
 6  22,9  31,0   15:22  17,5   23:56   0,0   4,6   0,9   3,5  19,4   19:15    SE
 7  18,8  26,7   15:22  15,4   16:38   1,0   1,5  15,9   3,2  36,7   15:55    SE
 8  18,5  26,4   15:10  13,9   04:57   1,6   1,8   3,0   3,6  12,2   13:15   ESE
 9  18,8  26,1   15:19  15,0   06:24   1,1   1,6   0,0   2,9  18,4   15:40    SW
10  19,6  26,1   14:43  14,8   07:20   1,1   2,4   0,0   4,0  22,0   16:38   SSW
11  18,1  22,7   14:36  15,4   23:10   1,1   0,9   2,7   2,6  14,8   14:19   SSE
12  16,8  24,3   14:42  12,4   06:43   2,3   0,9   3,9   3,3  35,6   15:44   ESE
13  19,3  26,0   15:48  13,2   06:16   1,6   2,6   0,0   6,0  29,5   13:34     N
14  18,7  25,4   14:54  13,2   06:08   1,7   2,1   0,6   3,8  17,3   14:11   SSE
15  15,5  22,1   16:26  12,8   04:22   3,0   0,2   7,2   3,1  17,3   16:11     S
16  18,0  25,6   15:21  11,6   06:27   2,6   2,3   0,0   3,6  18,4   14:41    SE
17  19,4  27,1   16:07  14,5   05:29   1,2   2,3   0,0   3,4  22,0   13:40     S
18  18,9  25,6   17:03  14,9   05:17   1,0   1,6   0,0   3,0  17,3   17:39   SSE
19  20,5  27,3   17:24  14,7   05:11   1,0   3,2   0,0   3,0  19,4   18:14   SSW
20  22,5  28,2   15:58  17,5   04:25   0,1   4,3   0,0   3,1  18,4   18:46   SSW
21  22,7  27,7   13:51  18,2   06:09   0,0   4,4   0,0   2,9  13,3   14:25    NE
22  23,8  30,5   15:57  18,8   06:35   0,0   5,5   0,0   2,9  13,3   16:25    SE
23  25,0  31,8   15:52  19,4   06:12   0,0   6,7   0,0   3,1  20,9   17:08     S
24  25,3  32,7   15:39  20,7   06:24   0,0   7,0   0,0   2,4  15,8   15:57    SE
25  25,1  32,6   14:36  17,0   22:20   0,1   7,0  12,3   3,4  43,9   21:06   SSW
26  20,7  31,4   15:56  16,6   05:48   0,6   3,0   0,6   3,8  35,6   17:39    SE
27  19,5  27,7   14:58  15,3   23:59   1,0   2,2   6,3   3,4  22,0   17:36     S
28  16,9  20,6   15:59  15,1   00:53   1,6   0,2   1,8   2,0  12,2   17:35   ESE
29  20,9  27,9   17:19  16,4   04:55   0,6   3,2   0,3   3,0  13,3   17:51   SSE
30  22,8  29,4   15:51  17,7   05:47   0,1   4,6   0,0   3,5  17,3   15:32     S
31  20,2  25,6   11:38  16,9   06:34   0,2   2,1   1,8   3,0  19,4   00:58   SSE
----------------------------------------------------------------------------------
    20,5  32,7    24    11,6    16    27,3  97,0  63,6   3,3  43,9    25     SSE

Max >=  27,0: 18
Max <=   0,0:  0
Min <=   0,0:  0
Min <= -18,0:  0
Max Rain: 15,9 on day 7
Days of Rain: 15 (>= 0,2 mm)  9 (>= 2,0 mm)  0 (>= 20,0 mm)
Heat Base: 18,3  Cool Base: 18,3  Method: Integration