NOAA-Style Climate Reports


Report for 2023 Maggio
                   Monthly Climatological Summary for mag 2023

Name: Meteo Albiano   City: Albiano   State: Italy
Elevation: 651 m  Lat: N 46° 08' 33"   Lon: E 011° 11' 57"

                  Temperature (°C), Rain (mm), Wind Speed (km/h)

                                      Heat  Cool        Avg
    Mean                              Deg   Deg         Wind                 Dom
Day Temp  High   Time   Low    Time   Days  Days  Rain  Speed High   Time    Dir
----------------------------------------------------------------------------------
 1  13,0  16,4   14:24   9,1   23:34   5,3   0,0   0,9  ----  18,4   15:08    SW
 2  13,0  15,4   17:34  10,9   23:58   1,6   0,0   0,0   3,7  14,8   17:29   ENE
 3  13,8  20,7   14:46   9,0   06:23   4,6   0,1   0,0   3,2  18,4   17:46   SSE
 4  14,4  21,7   15:10  11,3   05:20   3,9   0,0   0,0   2,1  15,8   15:35     N
 5  16,4  24,4   15:54  11,2   06:45   3,5   1,4   0,0   3,8  18,4   15:32   SSW
 6  16,0  24,5   14:36  12,1   06:18   3,0   0,7   0,0   2,9  27,0   16:16    SE
 7  16,4  23,9   15:07  12,6   05:48   2,8   0,9   3,9   2,7  18,4   19:16   SSW
 8  13,6  16,0   17:36  12,1   03:19   4,7   0,0   8,4   1,2  12,2   15:08     E
 9  13,7  18,2   13:09  11,7   01:53   4,6   0,0   0,6   2,7  19,4   12:41   SSW
10   9,9  11,8   00:00   8,0   23:42   8,4   0,0  40,8   1,3  18,7   20:15    NE
11   8,4  12,1   15:28   7,0   07:26   9,9   0,0  11,4   2,7  17,3   14:37   NNW
12   9,8  15,6   16:28   6,7   04:35   8,5   0,0   2,1   1,8  19,4   16:53   ENE
13  11,5  17,3   16:28   8,5   05:04   6,8   0,0   0,0   2,8  22,0   15:56   SSW
14  10,2  13,9   12:16   8,0   05:50   8,1   0,0   6,0   1,6  13,3   15:23    SE
15  13,4  21,5   17:06   7,0   05:20   5,4   0,5   0,3   3,0  20,9   15:49     N
16  12,9  15,0   18:09  11,0   00:37   5,4   0,0   0,3   6,1  29,5   14:05     N
17  14,7  17,8   13:47  12,4   23:59   3,6   0,0   0,0   8,3  30,6   05:30     N
18  13,5  19,9   15:40   7,7   06:43   4,9   0,1   0,0   2,9  17,3   13:44   ESE
19  13,2  16,0   14:51  11,2   23:59   5,1   0,0   3,3   1,5  18,7   05:17     E
20  12,3  14,3   16:47  10,8   04:33   6,0   0,0   1,2   0,9   6,1   09:51     E
21  15,6  23,6   18:10  11,3   05:51   3,8   1,0   6,0   1,9  18,4   20:22   ENE
22  16,7  23,0   16:20  11,6   06:51   2,8   1,2   0,9   2,3  12,2   16:25     E
23  17,2  23,9   13:05  13,1   06:19   2,0   0,9   0,0   2,3  14,8   14:45     E
24  14,6  22,8   12:29  12,1   23:45   3,9   0,2  15,9   2,2  18,4   12:34     E
25  15,4  22,9   17:49  11,5   06:40   3,7   0,8   8,1   2,1  11,2   16:17     N
26  18,3  26,6   15:48  12,1   05:48   2,2   2,2   0,0   2,9  18,7   03:06   ESE
27  18,3  24,3   14:49  14,0   04:50   1,5   1,5   0,0   2,5  23,4   15:57     S
28  16,0  23,4   15:50  12,7   22:04   3,0   0,7  15,3   2,5  20,9   13:05     E
29  16,0  21,6   14:39  12,6   03:48   2,8   0,5   0,9   2,2  19,4   17:43    SE
30  16,9  23,0   17:22  12,0   05:56   2,6   1,2   5,7   2,9  19,4   16:45   ESE
31  15,7  22,4   14:31  11,7   06:25   3,2   0,6   0,3   1,7  10,5   15:30     E
----------------------------------------------------------------------------------
    14,2  26,6    26     6,7    12   137,6  14,5 132,3   2,7  30,6    17       E

Max >=  27,0:  0
Max <=   0,0:  0
Min <=   0,0:  0
Min <= -18,0:  0
Max Rain: 40,8 on day 10
Days of Rain: 20 (>= 0,2 mm)  12 (>= 2,0 mm)  1 (>= 20,0 mm)
Heat Base: 18,3  Cool Base: 18,3  Method: Integration