NOAA-Style Climate Reports
Select a Year or Month report
2024: Gen Feb Mar Apr Mag Giu Lug Ago Set Ott Nov Dic
2023: Gen Feb Mar Apr Mag Giu Lug Ago Set Ott Nov Dic
2022: Gen Feb Mar Apr Mag Giu Lug Ago Set Ott Nov Dic
2021: Gen Feb Mar Apr Mag Giu Lug Ago Set Ott Nov Dic
2020: Gen Feb Mar Apr Mag Giu Lug Ago Set Ott Nov Dic
2019: Gen Feb Mar Apr Mag Giu Lug Ago Set Ott Nov Dic
2018: Gen Feb Mar Apr Mag Giu Lug Ago Set Ott Nov Dic
2024: Gen Feb Mar Apr Mag Giu Lug Ago Set Ott Nov Dic
2023: Gen Feb Mar Apr Mag Giu Lug Ago Set Ott Nov Dic
2022: Gen Feb Mar Apr Mag Giu Lug Ago Set Ott Nov Dic
2021: Gen Feb Mar Apr Mag Giu Lug Ago Set Ott Nov Dic
2020: Gen Feb Mar Apr Mag Giu Lug Ago Set Ott Nov Dic
2019: Gen Feb Mar Apr Mag Giu Lug Ago Set Ott Nov Dic
2018: Gen Feb Mar Apr Mag Giu Lug Ago Set Ott Nov Dic
Report for 2023 Febbraio
Monthly Climatological Summary for feb 2023 Name: Meteo Albiano City: Albiano State: Italy Elevation: 651 m Lat: N 46° 08' 33" Lon: E 011° 11' 57" Temperature (°C), Rain (mm), Wind Speed (km/h) Heat Cool Avg Mean Deg Deg Wind Dom Day Temp High Time Low Time Days Days Rain Speed High Time Dir ---------------------------------------------------------------------------------- 1 2,8 9,4 14:25 -0,5 07:30 15,5 0,0 0,0 2,9 8,6 14:26 SE 2 5,7 12,6 15:08 1,0 06:53 12,6 0,0 0,0 4,8 28,1 19:38 NE 3 5,5 10,7 22:42 1,2 07:38 13,1 0,0 0,0 3,5 29,5 23:17 E 4 9,9 14,2 14:32 3,6 23:58 8,4 0,0 0,0 10,0 52,6 05:02 N 5 1,9 7,0 15:03 -0,3 20:43 16,3 0,0 0,0 2,0 12,2 16:48 E 6 0,5 4,8 14:16 -1,3 19:37 17,8 0,0 0,0 1,5 14,8 15:24 WNW 7 -1,0 3,9 15:12 -3,7 08:00 19,2 0,0 0,0 2,3 18,7 21:21 E 8 -1,7 4,6 15:06 -4,6 07:01 20,0 0,0 0,0 2,3 14,8 13:41 SE 9 -3,2 3,3 15:57 -7,0 07:36 21,7 0,0 0,0 1,8 9,7 14:25 E 10 -1,7 5,3 15:27 -5,5 04:57 19,7 0,0 0,0 2,6 6,1 00:27 ESE 11 1,3 7,6 14:41 -3,1 07:08 17,0 0,0 0,0 2,5 6,1 12:21 ESE 12 6,3 15,7 14:31 2,7 23:35 12,0 0,0 0,0 3,5 16,6 16:08 SE 13 3,9 10,5 15:18 0,3 07:56 14,4 0,0 0,0 2,7 8,6 14:40 ESE 14 5,8 15,4 15:41 1,3 06:49 12,5 0,0 0,0 2,9 7,2 18:30 ESE 15 6,7 15,5 15:48 2,5 07:06 11,6 0,0 0,0 2,9 8,6 22:12 ESE 16 5,9 12,5 15:10 2,1 07:06 12,4 0,0 0,0 2,4 8,6 15:11 ESE 17 5,0 11,4 14:42 1,1 06:44 13,3 0,0 0,0 2,2 9,7 15:20 ESE 18 5,2 10,0 15:55 2,0 06:51 13,1 0,0 0,0 2,1 18,7 15:36 E 19 5,9 11,7 15:59 3,7 00:40 12,4 0,0 0,0 1,6 8,6 10:14 ENE 20 5,9 12,1 15:31 3,2 01:47 12,5 0,0 0,0 1,6 7,2 15:07 ENE 21 6,2 13,5 14:56 2,3 07:17 12,1 0,0 0,0 2,1 9,7 14:41 E 22 6,9 12,9 15:05 3,9 07:34 11,4 0,0 0,0 1,9 13,3 15:56 NNE 23 7,1 11,5 15:56 0,1 22:34 11,2 0,0 0,0 1,5 11,2 15:20 NE 24 6,9 8,8 14:18 5,5 23:55 11,4 0,0 0,0 1,5 18,7 22:46 NNE 25 7,4 14,6 14:40 3,2 06:18 10,9 0,0 0,0 2,5 18,7 23:59 ESE 26 3,8 7,6 00:06 1,0 23:15 14,5 0,0 0,0 11,2 35,6 19:20 N 27 2,7 7,0 14:51 0,5 05:15 15,8 0,0 0,0 3,2 15,8 01:23 NNW 28 3,2 10,4 16:21 -0,3 07:52 15,1 0,0 0,0 2,2 11,2 16:22 ENE ---------------------------------------------------------------------------------- 4,1 15,7 12 -7,0 9 397,9 0,0 0,0 3,0 52,6 4 ENE Max >= 27,0: 0 Max <= 0,0: 0 Min <= 0,0: 9 Min <= -18,0: 0 Max Rain: 0,0 on day 0 Days of Rain: 0 (>= 0,2 mm) 0 (>= 2,0 mm) 0 (>= 20,0 mm) Heat Base: 18,3 Cool Base: 18,3 Method: Integration