NOAA-Style Climate Reports
Select a Year or Month report
2024: Gen Feb Mar Apr Mag Giu Lug Ago Set Ott Nov Dic
2023: Gen Feb Mar Apr Mag Giu Lug Ago Set Ott Nov Dic
2022: Gen Feb Mar Apr Mag Giu Lug Ago Set Ott Nov Dic
2021: Gen Feb Mar Apr Mag Giu Lug Ago Set Ott Nov Dic
2020: Gen Feb Mar Apr Mag Giu Lug Ago Set Ott Nov Dic
2019: Gen Feb Mar Apr Mag Giu Lug Ago Set Ott Nov Dic
2018: Gen Feb Mar Apr Mag Giu Lug Ago Set Ott Nov Dic
2024: Gen Feb Mar Apr Mag Giu Lug Ago Set Ott Nov Dic
2023: Gen Feb Mar Apr Mag Giu Lug Ago Set Ott Nov Dic
2022: Gen Feb Mar Apr Mag Giu Lug Ago Set Ott Nov Dic
2021: Gen Feb Mar Apr Mag Giu Lug Ago Set Ott Nov Dic
2020: Gen Feb Mar Apr Mag Giu Lug Ago Set Ott Nov Dic
2019: Gen Feb Mar Apr Mag Giu Lug Ago Set Ott Nov Dic
2018: Gen Feb Mar Apr Mag Giu Lug Ago Set Ott Nov Dic
Report for 2023 Gennaio
Monthly Climatological Summary for gen 2023 Name: Meteo Albiano City: Albiano State: Italy Elevation: 651 m Lat: N 46° 08' 33" Lon: E 011° 11' 57" Temperature (°C), Rain (mm), Wind Speed (km/h) Heat Cool Avg Mean Deg Deg Wind Dom Day Temp High Time Low Time Days Days Rain Speed High Time Dir ---------------------------------------------------------------------------------- 1 6,6 8,2 14:02 5,3 04:15 11,7 0,0 0,0 0,7 12,2 08:47 E 2 6,8 8,9 13:29 5,7 08:11 11,5 0,0 0,0 0,5 6,1 11:38 NE 3 6,0 8,6 15:06 0,1 21:17 12,3 0,0 0,0 1,0 18,7 21:16 ESE 4 4,2 8,6 14:19 2,1 08:06 14,1 0,0 0,0 1,8 5,0 00:00 SE 5 4,3 6,9 14:32 2,6 08:16 14,0 0,0 0,0 1,6 12,2 18:55 ESE 6 4,4 10,0 14:44 1,4 23:51 14,2 0,0 0,0 2,6 6,1 04:58 SE 7 1,6 5,4 15:07 -0,6 07:28 16,7 0,0 0,0 1,5 12,2 02:01 ESE 8 2,3 3,2 12:07 1,3 08:05 16,0 0,0 18,9 0,4 5,0 03:28 NE 9 3,5 5,7 16:53 0,1 12:40 14,8 0,0 5,1 3,9 23,4 17:09 N 10 4,4 9,0 14:16 0,6 23:28 13,9 0,0 0,0 6,4 34,2 13:47 NNE 11 1,6 4,4 14:18 -0,9 06:53 16,7 0,0 0,0 1,5 8,6 03:59 ESE 12 2,5 6,8 14:12 0,1 10:37 15,8 0,0 0,0 1,7 6,1 00:57 SE 13 2,4 6,4 14:45 0,9 23:53 15,9 0,0 0,0 1,7 18,7 02:15 ESE 14 2,0 7,6 15:19 -0,7 05:11 16,3 0,0 0,0 2,2 5,0 21:40 SE 15 1,7 3,1 13:01 0,5 22:16 16,6 0,0 2,4 0,9 6,1 00:08 E 16 0,2 1,8 14:18 -1,2 06:14 18,1 0,0 2,1 0,4 6,1 14:10 ENE 17 0,3 0,6 00:06 0,0 09:15 18,0 0,0 2,1 0,2 12,2 14:40 E 18 0,0 3,0 15:21 -1,6 08:55 18,3 0,0 4,5 1,3 8,6 13:09 ESE 19 -0,2 2,4 14:14 -2,6 23:19 18,5 0,0 0,0 3,7 23,4 14:17 ENE 20 -1,0 2,4 15:26 -4,1 06:06 19,3 0,0 0,0 4,5 31,7 18:17 NNE 21 1,0 4,1 14:16 -2,9 01:50 17,3 0,0 0,3 8,0 37,8 13:11 NNE 22 1,4 4,1 14:57 -0,4 22:26 16,8 0,0 0,3 3,5 15,8 11:25 NE 23 1,8 2,8 09:03 0,0 00:00 16,5 0,0 1,5 4,0 25,6 06:56 N 24 2,6 5,7 15:30 0,5 07:11 15,7 0,0 0,0 1,8 8,6 10:42 ESE 25 3,3 8,0 14:56 1,4 07:10 15,0 0,0 0,0 1,6 12,2 14:16 ESE 26 0,0 5,2 14:35 -2,3 07:34 18,3 0,0 0,0 1,8 8,6 03:38 ESE 27 -1,4 3,1 15:33 -4,1 08:26 19,7 0,0 0,0 1,3 8,6 14:41 ESE 28 -0,2 5,3 15:41 -3,3 07:50 18,5 0,0 0,0 1,9 12,2 23:34 ESE 29 -0,8 4,5 14:58 -3,6 08:05 19,1 0,0 0,0 2,0 11,2 06:41 ESE 30 1,0 8,2 21:29 -3,0 05:58 17,3 0,0 0,0 3,1 24,5 22:17 ENE 31 3,6 10,3 14:49 0,1 07:24 15,7 0,0 0,0 4,0 25,6 00:28 ESE ---------------------------------------------------------------------------------- 2,1 10,3 31 -4,1 20 502,6 0,0 37,2 2,3 37,8 21 ENE Max >= 27,0: 0 Max <= 0,0: 0 Min <= 0,0: 16 Min <= -18,0: 0 Max Rain: 18,9 on day 8 Days of Rain: 9 (>= 0,2 mm) 6 (>= 2,0 mm) 0 (>= 20,0 mm) Heat Base: 18,3 Cool Base: 18,3 Method: Integration