NOAA-Style Climate Reports
Select a Year or Month report
2024: Gen Feb Mar Apr Mag Giu Lug Ago Set Ott Nov Dic
2023: Gen Feb Mar Apr Mag Giu Lug Ago Set Ott Nov Dic
2022: Gen Feb Mar Apr Mag Giu Lug Ago Set Ott Nov Dic
2021: Gen Feb Mar Apr Mag Giu Lug Ago Set Ott Nov Dic
2020: Gen Feb Mar Apr Mag Giu Lug Ago Set Ott Nov Dic
2019: Gen Feb Mar Apr Mag Giu Lug Ago Set Ott Nov Dic
2018: Gen Feb Mar Apr Mag Giu Lug Ago Set Ott Nov Dic
2024: Gen Feb Mar Apr Mag Giu Lug Ago Set Ott Nov Dic
2023: Gen Feb Mar Apr Mag Giu Lug Ago Set Ott Nov Dic
2022: Gen Feb Mar Apr Mag Giu Lug Ago Set Ott Nov Dic
2021: Gen Feb Mar Apr Mag Giu Lug Ago Set Ott Nov Dic
2020: Gen Feb Mar Apr Mag Giu Lug Ago Set Ott Nov Dic
2019: Gen Feb Mar Apr Mag Giu Lug Ago Set Ott Nov Dic
2018: Gen Feb Mar Apr Mag Giu Lug Ago Set Ott Nov Dic
Report for 2022 Agosto
Monthly Climatological Summary for ago 2022 Name: Meteo Albiano City: Albiano State: Italy Elevation: 651 m Lat: N 46° 08' 33" Lon: E 011° 11' 57" Temperature (°C), Rain (mm), Wind Speed (km/h) Heat Cool Avg Mean Deg Deg Wind Dom Day Temp High Time Low Time Days Days Rain Speed High Time Dir ---------------------------------------------------------------------------------- 5 28,6 32,9 17:52 21,9 22:40 0,0 4,1 0,0 4,6 19,4 23:16 NNE 6 21,8 28,7 13:10 17,0 23:43 0,1 3,7 12,3 2,5 15,8 14:20 NE 7 19,2 25,5 16:55 16,0 06:10 0,7 1,5 0,3 2,0 12,2 17:14 ENE 8 21,4 29,1 16:22 15,4 06:20 0,8 3,9 0,0 2,5 14,8 18:36 ENE 9 22,2 30,0 17:25 16,2 07:02 0,4 4,3 0,0 2,6 18,7 02:08 E 10 22,5 28,8 16:35 17,5 05:42 0,0 4,3 0,0 2,4 15,8 17:29 ENE 11 22,2 28,6 17:18 16,6 06:30 0,1 4,0 0,0 2,4 15,8 18:07 NE 12 18,9 25,2 13:55 13,2 23:58 1,0 1,6 10,2 2,7 25,6 15:57 ESE 13 17,3 26,8 16:56 10,6 06:35 3,0 2,0 0,3 2,6 18,7 11:18 E 14 20,1 27,2 15:18 14,0 06:30 1,2 3,0 0,0 2,6 6,0 04:00 E 15 21,8 28,8 16:27 16,5 06:25 0,3 3,9 0,0 2,7 18,7 00:03 E 16 21,4 28,9 16:08 15,1 07:18 0,7 3,7 0,0 2,4 15,8 13:56 NE 17 22,1 28,0 15:28 16,7 05:55 0,2 4,0 0,0 2,1 13,3 12:58 SE 18 18,1 21,6 19:03 16,5 08:55 0,7 0,5 15,9 1,8 22,0 11:24 ENE 19 17,8 22,0 15:28 15,5 07:30 1,1 0,6 2,4 2,1 18,7 00:31 NE 20 19,4 26,5 14:59 14,9 07:18 1,0 2,2 0,0 2,3 15,8 14:30 E 21 20,9 29,3 17:08 14,2 06:30 1,1 3,8 0,0 3,2 14,8 13:52 NE 22 20,6 28,1 17:28 14,1 07:10 1,1 3,4 0,0 4,5 23,4 12:20 NNE 23 20,8 29,4 15:19 14,0 05:29 1,1 3,6 0,0 4,0 28,1 13:26 ENE 24 20,5 29,0 15:54 13,9 08:07 1,2 3,4 0,0 2,6 14,8 16:31 ESE 25 21,7 30,2 15:34 16,4 07:04 0,4 3,8 0,0 2,5 22,0 16:18 ENE 26 22,0 29,8 15:13 16,8 06:18 0,2 3,9 0,0 2,3 20,9 16:39 E 27 17,2 20,5 10:38 15,4 21:26 1,3 0,2 15,0 1,4 17,3 10:43 ESE 28 19,0 27,3 15:39 14,4 07:07 1,6 2,3 18,6 2,1 18,0 09:49 ESE 29 20,0 27,7 15:39 15,4 07:04 0,9 2,6 0,3 2,0 17,3 14:43 ESE 30 20,1 26,5 17:02 15,3 05:39 0,6 2,4 53,1 2,3 23,4 05:22 SE 31 17,6 24,1 14:32 14,8 06:13 1,6 0,9 2,7 1,8 13,0 00:44 E --------------------------------------------------------------------------------- 20,6 32,9 5 10,6 13 22,4 77,6 131,1 2,5 28,1 28 ENE Max >= 27,0: 18 Max <= 0,0: 0 Min <= 0,0: 0 Min <= -18,0: 0 Max Rain: 53,1 on day 30 Days of Rain: 11 (>= 0,2 mm) 8 (>= 2,0 mm) 1 (>= 20,0 mm) Heat Base: 18,3 Cool Base: 18,3 Method: Integration