NOAA-Style Climate Reports
Select a Year or Month report
2024: Gen Feb Mar Apr Mag Giu Lug Ago Set Ott Nov Dic
2023: Gen Feb Mar Apr Mag Giu Lug Ago Set Ott Nov Dic
2022: Gen Feb Mar Apr Mag Giu Lug Ago Set Ott Nov Dic
2021: Gen Feb Mar Apr Mag Giu Lug Ago Set Ott Nov Dic
2020: Gen Feb Mar Apr Mag Giu Lug Ago Set Ott Nov Dic
2019: Gen Feb Mar Apr Mag Giu Lug Ago Set Ott Nov Dic
2018: Gen Feb Mar Apr Mag Giu Lug Ago Set Ott Nov Dic
2024: Gen Feb Mar Apr Mag Giu Lug Ago Set Ott Nov Dic
2023: Gen Feb Mar Apr Mag Giu Lug Ago Set Ott Nov Dic
2022: Gen Feb Mar Apr Mag Giu Lug Ago Set Ott Nov Dic
2021: Gen Feb Mar Apr Mag Giu Lug Ago Set Ott Nov Dic
2020: Gen Feb Mar Apr Mag Giu Lug Ago Set Ott Nov Dic
2019: Gen Feb Mar Apr Mag Giu Lug Ago Set Ott Nov Dic
2018: Gen Feb Mar Apr Mag Giu Lug Ago Set Ott Nov Dic
Report for 2022 Luglio
Monthly Climatological Summary for lug 2022 Name: Meteo Albiano City: Albiano State: Italy Elevation: 651 m Lat: N 46° 08' 33" Lon: E 011° 11' 57" Temperature (°C), Rain (mm), Wind Speed (km/h) Heat Cool Avg Mean Deg Deg Wind Dom Day Temp High Time Low Time Days Days Rain Speed High Time Dir ---------------------------------------------------------------------------------- 1 22,6 29,0 15:56 17,7 05:28 0,0 4,3 0,0 3,0 22,0 19:09 ESE 2 22,7 31,0 16:47 15,8 06:52 0,6 5,0 0,0 2,9 27,0 18:14 ESE 3 24,8 33,1 15:34 18,5 05:36 0,0 6,5 0,0 3,1 17,3 16:18 E 4 19,0 24,4 18:10 16,2 06:03 0,7 1,4 15,6 3,0 22,0 12:46 E 5 20,7 28,6 16:49 14,8 06:07 1,1 3,5 0,0 2,2 15,8 13:32 NE 6 21,7 28,6 16:48 15,9 07:02 0,5 3,8 0,0 3,0 14,8 14:12 E 7 21,3 26,4 18:18 16,9 05:57 0,2 3,2 0,0 2,8 17,3 20:52 NE 8 21,1 27,9 17:33 15,1 07:35 0,8 3,5 0,0 5,7 25,6 11:31 NNE 9 20,4 27,4 15:32 13,6 06:25 1,2 3,3 0,0 3,3 17,2 18:45 E 10 21,3 28,1 16:18 14,6 05:27 0,9 4,1 0,0 3,5 19,4 15:06 NNE 11 21,0 27,7 17:02 14,6 06:45 0,8 3,5 0,0 2,9 23,4 16:07 ESE 12 22,3 28,0 17:35 18,4 06:23 0,0 4,0 0,0 3,1 19,4 15:57 NE 13 21,9 29,7 15:17 14,6 06:43 0,8 4,5 0,0 3,0 22,0 17:46 ENE 14 23,9 31,1 16:52 19,1 05:47 0,0 5,6 0,0 2,6 18,7 22:25 NE 15 24,9 33,2 14:39 19,0 04:40 0,0 6,9 4,5 3,2 20,9 17:24 E 16 24,0 31,5 15:43 17,9 04:19 0,0 5,8 0,3 2,7 17,3 16:08 ENE 17 24,8 30,8 17:49 19,5 04:16 0,0 6,5 0,0 2,7 20,9 15:08 ENE 18 25,2 31,2 17:01 20,3 04:12 0,0 6,9 0,0 2,6 18,4 15:57 NE 19 25,3 32,3 16:29 19,2 05:34 0,0 7,0 0,0 2,7 17,3 14:31 E 20 26,0 33,1 16:33 19,5 05:49 0,0 7,7 0,0 2,9 20,9 16:14 ESE 21 27,0 33,9 16:45 18,5 06:10 0,0 9,4 0,0 3,0 23,4 15:17 E 22 27,1 35,0 16:07 20,9 06:26 0,0 8,8 0,0 2,8 24,5 16:12 E 23 25,5 31,0 15:04 21,8 05:48 0,0 7,2 0,0 3,7 28,1 07:37 N 24 25,1 33,3 16:21 18,3 06:52 0,0 6,8 0,0 3,4 22,0 16:56 N 25 26,3 34,2 15:11 17,6 22:55 0,0 8,0 13,2 3,2 30,6 22:30 ENE 26 21,7 29,5 13:37 16,8 05:44 0,3 3,7 3,9 3,1 15,8 13:40 ESE 27 21,9 30,0 16:18 16,3 05:57 0,1 3,8 1,8 2,7 33,1 21:12 NE 28 21,1 28,9 16:32 15,5 03:49 1,0 3,8 0,0 2,3 18,0 10:15 E 29 19,0 26,5 14:43 14,9 05:18 1,3 2,0 25,8 2,6 23,4 00:41 ESE 30 20,6 28,0 18:11 14,4 07:30 1,3 3,7 0,3 4,1 22,0 12:14 NNE ---------------------------------------------------------------------------------- 23,0 35,0 22 13,6 9 11,6 154,2 65,4 3,1 33,1 27 ENE Max >= 27,0: 27 Max <= 0,0: 0 Min <= 0,0: 0 Min <= -18,0: 0 Max Rain: 25,8 on day 29 Days of Rain: 8 (>= 0,2 mm) 5 (>= 2,0 mm) 1 (>= 20,0 mm) Heat Base: 18,3 Cool Base: 18,3 Method: Integration