NOAA-Style Climate Reports

Select a Year or Month report
2022: Gen Feb Mar Apr Mag Giu Lug Ago Set Ott Nov Dic
2021: Gen Feb Mar Apr Mag Giu Lug Ago Set Ott Nov Dic
2020: Gen Feb Mar Apr Mag Giu Lug Ago Set Ott Nov Dic
2019: Gen Feb Mar Apr Mag Giu Lug Ago Set Ott Nov Dic
2018: Gen Feb Mar Apr Mag Giu Lug Ago Set Ott Nov Dic

Report for 2021 Settembre
                   Monthly Climatological Summary for set 2021

Name: Meteo Albiano   City: Albiano   State: Italy
Elevation: 651 m  Lat: N 46° 08' 33"   Lon: E 011° 11' 57"

                  Temperature (°C), Rain (mm), Wind Speed (km/h)

                                      Heat  Cool        Avg
    Mean                              Deg   Deg         Wind                 Dom
Day Temp  High   Time   Low    Time   Days  Days  Rain  Speed High   Time    Dir
----------------------------------------------------------------------------------
 1  16,5  25,2   16:58  10,6   07:59   3,3   1,6   0,0   2,5  13,3   17:46    SE
 2  17,4  24,4   16:14  12,8   04:07   2,3   1,4   0,0   2,1  13,3   13:17     E
 3  17,4  24,8   15:50  12,5   06:36   2,3   1,4   0,0   2,3  14,8   17:52     E
 4  17,4  24,7   15:58  12,6   06:37   2,4   1,5   0,0   2,0  12,2   13:34     E
 5  17,7  24,6   14:49  13,4   05:35   2,2   1,5   0,0   2,1  14,8   16:38   ESE
 6  18,1  25,2   16:06  12,9   07:16   2,0   1,7   0,0   2,0  14,8   13:58     E
 7  17,9  25,0   16:34  13,4   06:50   2,0   1,5   0,0   1,8  11,2   14:43   ESE
 8  18,3  24,6   15:52  13,4   06:33   1,7   1,7   0,0   2,3  15,8   14:27   ESE
 9  17,5  25,3   16:32  12,4   07:20   2,4   1,6   0,0   2,0   9,7   13:10    SE
10  17,4  25,4   16:06  12,5   06:24   2,5   1,5   0,0   2,3  14,8   15:20   ESE
11  18,0  26,1   16:18  13,1   07:24   2,0   1,7   0,0   2,1  11,2   07:57     E
12  19,0  26,4   16:06  14,2   06:36   1,4   2,0   0,0   2,2  17,3   16:37   ESE
13  19,2  27,1   15:51  14,1   07:44   1,4   2,2   0,0   2,1  12,2   15:10    SE
14  19,3  27,2   15:35  14,0   07:01   1,3   2,3   0,0   2,3  15,8   14:55    SE
15  18,9  23,7   15:36  14,5   06:43   1,0   1,5   0,0   1,9  14,8   13:59   ENE
16  17,1  19,1   00:00  16,2   23:52   1,2   0,0  28,5   0,7   8,6   04:32     E
17  17,8  24,7   15:52  15,2   03:42   1,6   1,1  10,8   1,3   9,7   15:05   ENE
18  18,1  23,2   14:59  15,4   06:31   1,2   0,9   0,0   1,3  13,3   15:23    NE
19  15,2  18,0   15:47  11,0   22:54   3,1   0,0  28,5   1,5  25,6   19:21     E
20  13,9  21,3   14:54   9,9   06:15   4,7   0,3   0,0   2,3  19,4   15:46    SE
21  14,3  20,7   15:11  11,8   03:22   4,2   0,2   0,9   1,8  15,8   16:45   ENE
22  13,8  19,0   16:30  10,0   07:10   4,5   0,0   0,0   0,9   7,2   12:47   ENE
23  13,5  19,8   15:33   9,4   07:21   4,9   0,1   0,0   1,7  17,3   16:30   ENE
24  14,0  22,0   16:10   8,8   08:25   4,7   0,5   0,0   1,8  12,2   15:40   ESE
25  15,7  21,6   15:10  11,6   08:07   3,2   0,5   0,0   1,9  13,3   14:45   ENE
26  16,0  18,1   16:17  14,3   06:55   2,3   0,0   1,8   0,7   7,2   17:43     E
27  16,7  22,4   16:06  13,2   06:49   2,3   0,7   0,0   1,4  12,2   12:50     E
28  16,2  23,2   15:19  11,6   07:09   2,9   0,8   0,0   1,8  12,2   16:54    SE
29  16,1  22,5   16:06  12,9   23:55   2,8   0,6   6,9   1,9   9,7   15:41   ESE
30  14,2  21,0   15:19  10,1   07:19   4,5   0,3   0,3   2,1  13,3   15:25    SE
----------------------------------------------------------------------------------
    16,8  27,2    14     8,8    24    78,3  31,1  77,7   1,8  25,6    19     ESE

Max >=  27,0:  2
Max <=   0,0:  0
Min <=   0,0:  0
Min <= -18,0:  0
Max Rain: 28,5 on day 16
Days of Rain: 7 (>= 0,2 mm)  4 (>= 2,0 mm)  2 (>= 20,0 mm)
Heat Base: 18,3  Cool Base: 18,3  Method: Integration