NOAA-Style Climate Reports

Select a Year or Month report
2021: Gen Feb Mar Apr Mag Giu Lug Ago Set Ott Nov Dic
2020: Gen Feb Mar Apr Mag Giu Lug Ago Set Ott Nov Dic
2019: Gen Feb Mar Apr Mag Giu Lug Ago Set Ott Nov Dic
2018: Gen Feb Mar Apr Mag Giu Lug Ago Set Ott Nov Dic

Report for 2021 Agosto
                   Monthly Climatological Summary for ago 2021

Name: Meteo Albiano   City: Albiano   State: Italy
Elevation: 651 m  Lat: N 46° 08' 33"   Lon: E 011° 11' 57"

                  Temperature (°C), Rain (mm), Wind Speed (km/h)

                                      Heat  Cool        Avg
    Mean                              Deg   Deg         Wind                 Dom
Day Temp  High   Time   Low    Time   Days  Days  Rain  Speed High   Time    Dir
----------------------------------------------------------------------------------
 1  16,0  18,0   00:00  12,6   23:58   2,3   0,0  34,8   1,4  19,4   00:18     E
 2  15,7  22,9   15:01  10,7   05:51   3,3   0,7   4,5   2,3  13,3   14:38     E
 3  15,7  20,6   17:29  12,1   06:47   2,8   0,2   0,6   1,9   9,7   15:07   ENE
 4  16,1  18,3   14:24  14,5   05:50   2,2   0,0  12,3   1,1  12,2   18:48    NE
 5  16,6  25,1   15:11  12,3   06:47   2,6   0,9  11,1   3,2  27,0   04:53   ESE
 6  18,6  26,0   17:22  12,7   06:07   2,0   2,3   0,0   2,7  15,8   13:52    SE
 7  19,5  25,9   14:46  15,5   05:38   0,6   1,8   0,9   2,2  18,4   15:52   ESE
 8  21,2  26,9   15:35  16,6   06:35   0,2   3,1   0,3   3,4  27,0   15:43     S
 9  19,7  27,1   16:44  14,2   06:12   1,2   2,6   0,0   3,0  22,0   13:50     S
10  20,7  27,9   16:39  15,0   07:15   0,8   3,2   0,0   2,7  14,8   14:19     E
11  22,0  30,3   16:22  16,6   07:10   0,3   4,1   0,0   2,5  11,2   14:38   ESE
12  22,9  30,6   17:00  17,5   06:43   0,1   4,7   0,0   2,3  13,3   15:28   ESE
13  23,1  29,3   14:55  18,6   06:38   0,0   4,8   0,0   2,3  12,2   14:56     E
14  23,6  31,4   17:11  18,0   06:51   0,0   5,3   0,0   2,4  13,3   14:16   ESE
15  24,4  31,4   16:43  19,2   07:02   0,0   6,1   0,0   2,5  14,8   15:14     E
16  21,6  28,3   15:06  14,6   21:42   0,5   3,8   7,8   3,8  39,2   19:53   NNE
17  18,2  25,8   16:54  13,4   04:53   1,8   1,7   0,3   4,1  23,4   03:05    NE
18  19,0  24,7   15:59  14,2   07:29   1,2   1,9   0,0   2,3  18,4   14:57   ENE
19  19,5  25,8   15:52  15,0   07:44   1,0   2,3   2,7   2,2  15,8   14:47     E
20  20,3  26,8   16:20  15,7   06:36   0,7   2,6   0,0   2,0  15,8   12:56   ESE
21  20,6  27,6   15:51  15,6   06:20   0,8   3,1   0,0   2,2  13,3   15:18     E
22  20,9  26,5   13:50  17,0   06:08   0,2   2,8   0,0   2,1  19,4   23:50     E
23  18,7  24,0   16:23  15,2   03:28   1,2   1,6   0,9   2,8  29,5   00:48    NE
24  17,6  25,8   15:15  12,2   06:45   2,5   1,8   6,0   2,9  17,3   16:55   ESE
25  17,2  24,0   15:22  12,7   06:34   2,3   1,3   0,0   2,2  19,4   16:49     E
26  18,5  25,1   15:52  14,8   08:46   1,3   1,5   0,0   1,8  15,8   15:57   ENE
27  16,9  22,9   14:56  12,7   08:08   2,2   0,8   0,0   2,2  22,0   15:10   ENE
28  14,5  21,8   15:31  10,6   23:52   4,4   0,6   5,1   2,2  25,6   18:51     E
29  13,2  20,2   17:50   8,4   07:34   5,2   0,1   0,0   1,8   9,7   16:11   ESE
30  14,0  21,4   14:15  11,2   04:52   4,5   0,3   8,7   2,3  13,3   14:30     E
31  15,2  23,9   16:29   9,7   06:49   4,2   1,0   0,3   2,7  15,8   19:33    SE
----------------------------------------------------------------------------------
    18,8  31,4    14     8,4    29    52,4  67,0  96,3   2,4  39,2    16       E

Max >=  27,0:  9
Max <=   0,0:  0
Min <=   0,0:  0
Min <= -18,0:  0
Max Rain: 34,8 on day 1
Days of Rain: 15 (>= 0,2 mm)  9 (>= 2,0 mm)  1 (>= 20,0 mm)
Heat Base: 18,3  Cool Base: 18,3  Method: Integration