NOAA-Style Climate Reports

Select a Year or Month report
2021: Gen Feb Mar Apr Mag Giu Lug Ago Set Ott Nov Dic
2020: Gen Feb Mar Apr Mag Giu Lug Ago Set Ott Nov Dic
2019: Gen Feb Mar Apr Mag Giu Lug Ago Set Ott Nov Dic
2018: Gen Feb Mar Apr Mag Giu Lug Ago Set Ott Nov Dic

Report for 2021 Luglio
                   Monthly Climatological Summary for lug 2021

Name: Meteo Albiano   City: Albiano   State: Italy
Elevation: 651 m  Lat: N 46° 08' 33"   Lon: E 011° 11' 57"

                  Temperature (°C), Rain (mm), Wind Speed (km/h)

                                      Heat  Cool        Avg
    Mean                              Deg   Deg         Wind                 Dom
Day Temp  High   Time   Low    Time   Days  Days  Rain  Speed High   Time    Dir
----------------------------------------------------------------------------------
 1  17,5  24,3   17:24  11,7   04:43   2,3   1,5   0,0   2,4  14,8   13:06   ESE
 2  19,7  25,9   16:58  14,4   07:04   1,2   2,6   0,0   2,7  15,8   17:58     E
 3  20,2  27,0   15:26  16,6   06:13   0,3   2,2   0,9   2,2  15,8   11:57    SE
 4  17,8  23,2   12:35  15,0   23:56   1,3   0,8  16,8   1,3  13,3   15:04   ENE
 5  18,4  25,8   18:15  12,2   06:33   2,2   2,3   0,3   2,9  15,8   15:32    SE
 6  21,4  29,0   15:53  14,8   06:19   1,0   4,1   0,0   3,3  19,4   15:18     S
 7  22,7  29,0   15:56  15,9   23:53   0,2   4,6  10,8   2,7  31,7   21:52   ESE
 8  17,9  24,1   13:36  14,7   05:50   1,6   1,2  25,8   2,3  14,8   16:13    SE
 9  18,8  27,0   16:17  12,6   06:28   2,1   2,6   0,3   2,8  15,8   16:50   ESE
10  20,5  27,7   16:13  14,3   06:16   1,2   3,4   0,0   3,1  22,0   15:16   SSE
11  21,0  27,2   17:03  16,5   05:18   0,4   3,1   0,0   2,9  23,4   08:05    NE
12  21,6  28,6   16:24  15,4   06:08   0,6   3,9   0,0   2,5  15,8   17:38   ESE
13  17,9  23,9   10:48  13,4   23:30   1,6   1,1  60,9   2,1  39,2   15:27    SE
14  14,9  19,1   16:31  12,4   06:19   3,4   0,0   2,1   2,1  22,0   14:52   ENE
15  15,0  20,4   16:06  11,4   02:15   3,6   0,3   2,7   1,8  11,2   15:04    NE
16  15,1  19,1   15:59  11,8   06:14   3,2   0,0   3,6   1,8   8,6   16:54    SE
17  18,7  25,0   16:38  13,8   05:53   1,4   1,8   0,0   3,6  20,9   18:50     E
18  21,5  27,4   18:22  16,7   03:57   0,2   3,4   0,0   4,1  22,0   17:47   ENE
19  23,2  29,5   16:42  17,1   07:12   0,1   5,0   0,0   4,0  27,0   00:39    NE
20  22,3  28,6   17:28  17,2   07:06   0,1   4,1   0,0   2,4  13,3   13:45     E
21  22,8  29,1   15:38  17,8   05:59   0,0   4,5   0,0   2,1  15,8   17:10     E
22  20,8  28,0   15:36  15,8   23:30   0,2   2,7  21,9   2,1  15,8   17:09   ENE
23  19,9  27,7   17:05  13,5   06:26   1,6   3,2   0,3   2,5  12,2   15:23     E
24  23,0  28,7   16:21  19,1   06:32   0,0   4,7   0,0   2,3  23,4   15:17    NE
25  20,5  26,4   12:58  17,1   23:49   0,1   2,3   1,5   1,9  18,4   16:14   ENE
26  17,8  21,3   18:49  15,4   06:11   1,1   0,6  12,6   1,7  14,8   07:45   ENE
27  17,5  22,6   12:15  14,6   06:40   1,3   0,5  34,8   1,6  14,8   13:05   ESE
28  19,0  26,4   14:35  15,0   06:06   1,2   1,9   0,0   1,9  15,8   14:19    SE
29  20,5  28,2   17:03  14,6   05:59   1,2   3,3   0,0   2,5  15,8   15:22   ENE
30  21,5  27,9   14:55  16,2   05:47   0,4   3,6   0,0   2,6  18,4   19:13   SSE
31  21,2  28,0   15:28  16,8   06:48   0,2   3,1   2,1   2,2  17,3   17:12   ENE
----------------------------------------------------------------------------------
    19,7  29,5    19    11,4    15    35,3  78,4 197,4   2,5  39,2    13       E

Max >=  27,0: 17
Max <=   0,0:  0
Min <=   0,0:  0
Min <= -18,0:  0
Max Rain: 60,9 on day 13
Days of Rain: 16 (>= 0,2 mm)  11 (>= 2,0 mm)  4 (>= 20,0 mm)
Heat Base: 18,3  Cool Base: 18,3  Method: Integration