NOAA-Style Climate Reports

Select a Year or Month report
2021: Gen Feb Mar Apr Mag Giu Lug Ago Set Ott Nov Dic
2020: Gen Feb Mar Apr Mag Giu Lug Ago Set Ott Nov Dic
2019: Gen Feb Mar Apr Mag Giu Lug Ago Set Ott Nov Dic
2018: Gen Feb Mar Apr Mag Giu Lug Ago Set Ott Nov Dic

Report for 2021 Marzo
                   Monthly Climatological Summary for mar 2021

Name: Meteo Albiano   City: Albiano   State: Italy
Elevation: 651 m  Lat: N 46° 08' 33"   Lon: E 011° 11' 57"

                  Temperature (°C), Rain (mm), Wind Speed (km/h)

                                      Heat  Cool        Avg
    Mean                              Deg   Deg         Wind                 Dom
Day Temp  High   Time   Low    Time   Days  Days  Rain  Speed High   Time    Dir
----------------------------------------------------------------------------------
 1   5,5  15,1   15:52   1,7   06:21  12,8   0,0   0,0   2,8   9,7   23:15    SE
 2   7,1  14,7   16:05   2,3   06:58  11,2   0,0   0,0   2,8   9,7   12:49    SE
 3   6,8   8,1   11:25   2,6   07:01  11,5   0,0   0,0   2,4   5,0   05:28    NE
 4   7,4  11,5   15:06   2,0   07:05  11,0   0,0   0,0   2,4  11,2   15:59   NNE
 5   6,5  13,2   15:16   1,9   07:15  11,8   0,0   0,0   3,0  14,8   14:52   ESE
 6   4,4   9,6   14:18   0,7   23:53  13,9   0,0   0,0   3,1  19,4   14:48     S
 7   3,0  10,3   15:21  -1,5   06:59  15,3   0,0   0,0   2,5  14,8   14:29    SE
 8   3,9  11,8   15:31  -1,0   07:04  14,4   0,0   0,0   2,4  12,2   13:50     E
 9   4,5  11,0   14:49   0,7   06:56  13,8   0,0   1,8   2,8  15,8   12:36   SSE
10   3,8  11,0   15:32  -0,5   05:19  14,5   0,0   0,3   3,9  17,3   15:43   SSE
11   4,2   7,7   14:23   0,8   06:16  14,1   0,0   0,0   1,9   9,7   00:00   ESE
12   6,8  13,0   15:25   3,0   23:44  11,5   0,0   0,0   2,2  12,2   13:22   ENE
13   6,4  13,3   14:48   0,6   06:47  11,9   0,0   0,0   4,8  25,6   13:54   SSW
14   5,1   9,7   16:08   1,2   23:45  13,2   0,0   3,3   5,5  41,8   11:42   NNE
15   4,3  11,4   15:04  -0,8   06:07  14,0   0,0   0,0   3,0  28,1   23:00   ESE
16   5,2  10,3   15:02   1,0   04:43  13,1   0,0   0,0   8,0  33,1   10:48     N
17   4,0  10,5   14:55  -0,8   06:57  14,3   0,0   0,0   5,0  31,7   15:36    NE
18   3,0   8,2   16:06  -0,9   05:51  15,3   0,0   0,0   5,4  33,1   14:09   NNE
19   1,3   7,5   14:35  -2,6   07:18  17,0   0,0   0,0   3,4  23,4   16:33     S
20   1,6   6,8   15:16  -2,7   06:31  16,7   0,0   0,0   6,1  39,2   15:36   NNE
21   2,7  10,1   16:58  -3,9   05:16  15,6   0,0   0,0   5,2  37,8   18:27   NNE
22   7,0  11,8   14:51   0,7   03:47  11,3   0,0   0,0  10,1  39,2   11:19     N
23   5,3  12,3   14:59   0,3   06:29  13,0   0,0   0,0   4,4  27,0   01:40     N
24   6,9  15,9   15:27   0,9   05:06  11,4   0,0   0,0   3,0  17,3   13:39     E
25   8,9  17,5   14:27   3,3   06:27   9,4   0,0   0,0   3,7  18,4   15:13    SE
26   9,2  16,3   14:50   3,4   06:32   9,1   0,0   0,0   3,6  18,4   14:58   SSW
27   8,9  13,6   16:11   6,0   04:46   9,4   0,0   0,0   2,2  13,3   16:55    SE
28   9,7  16,1   16:40   4,9   07:05   8,2   0,0   0,0   2,6  15,8   14:23   ENE
29  11,7  19,6   16:24   5,8   07:28   6,7   0,1   0,0   3,1  15,8   03:13    NE
30  13,3  22,9   16:07   6,9   05:39   5,7   0,7   0,0   3,4  15,8   15:55    SE
31  13,9  22,5   16:37   8,0   07:21   5,1   0,7   0,0   3,4  17,3   15:05   SSE
----------------------------------------------------------------------------------
     6,2  22,9    30    -3,9    21   376,2   1,5   5,4   3,8  41,8    14     ENE

Max >=  27,0:  0
Max <=   0,0:  0
Min <=   0,0:  9
Min <= -18,0:  0
Max Rain: 3,3 on day 14
Days of Rain: 3 (>= 0,2 mm)  1 (>= 2,0 mm)  0 (>= 20,0 mm)
Heat Base: 18,3  Cool Base: 18,3  Method: Integration