NOAA-Style Climate Reports

Select a Year or Month report
2021: Gen Feb Mar Apr Mag Giu Lug Ago Set Ott Nov Dic
2020: Gen Feb Mar Apr Mag Giu Lug Ago Set Ott Nov Dic
2019: Gen Feb Mar Apr Mag Giu Lug Ago Set Ott Nov Dic
2018: Gen Feb Mar Apr Mag Giu Lug Ago Set Ott Nov Dic

Report for 2021 Gennaio
                   Monthly Climatological Summary for gen 2021

Name: Meteo Albiano   City: Albiano   State: Italy
Elevation: 651 m  Lat: N 46° 08' 33"   Lon: E 011° 11' 57"

                  Temperature (°C), Rain (mm), Wind Speed (km/h)

                                      Heat  Cool        Avg
    Mean                              Deg   Deg         Wind                 Dom
Day Temp  High   Time   Low    Time   Days  Days  Rain  Speed High   Time    Dir
----------------------------------------------------------------------------------
 1  -1,2  -0,2   23:42  -2,4   00:00  19,5   0,0   0,0   0,5   5,0   01:29   ESE
 2   0,7   1,4   12:09  -0,6   06:34  17,6   0,0   2,7   0,3   5,0   19:26   ESE
 3   1,8   3,3   13:32   0,9   01:23  16,5   0,0  24,3   1,3   8,6   23:02    SE
 4   0,5   2,5   13:58  -1,5   08:17  17,8   0,0   0,6   2,2  11,2   11:33    SE
 5   0,1   1,6   13:00  -1,9   08:33  18,2   0,0   0,0   1,2   8,6   15:50    SE
 6   0,2   1,5   12:52  -0,5   03:45  18,1   0,0   1,5   0,7   5,0   10:41     E
 7  -1,8   2,3   15:05  -4,2   08:41  20,1   0,0   0,0   1,5   7,2   19:52   ENE
 8  -3,6   1,7   15:06  -5,7   08:17  21,9   0,0   0,0   2,7   8,6   21:48    SE
 9  -4,8  -2,4   13:22  -6,7   07:14  23,1   0,0   0,0   1,9   9,7   01:07    SE
10  -4,1  -1,1   15:14  -6,5   23:48  22,4   0,0   0,0   1,6   8,6   18:45    SE
11  -5,6  -0,3   14:34  -8,0   06:59  23,9   0,0   0,0   2,3   6,1   00:34    SE
12  -4,5  -1,4   14:26  -7,0   03:33  22,8   0,0   0,0   1,7   7,2   21:32    SE
13  -0,4   5,2   14:33  -4,2   00:06  18,7   0,0   0,3   3,1   9,7   08:36    SE
14   1,4   6,8   15:09  -1,7   04:54  16,9   0,0   0,0   3,3  22,0   14:10   ESE
15   0,8   4,5   14:49  -2,4   23:47  17,5   0,0   0,0   1,6  11,2   13:01    SE
16  -2,3   3,1   14:46  -4,6   08:55  20,6   0,0   0,0   2,4  11,2   05:38    SE
17  -3,2  -0,8   14:42  -4,8   02:28  21,5   0,0   0,0   1,4  11,2   00:06    SE
18  -1,7   3,3   14:47  -4,2   08:15  20,0   0,0   0,0   2,4   9,7   23:29    SE
19  -1,6   3,0   14:24  -4,0   07:49  19,9   0,0   0,0   2,3   8,6   00:51    SE
20  -0,9   1,2   15:54  -3,3   09:13  19,2   0,0   0,0   1,5   7,2   04:46    SE
21   1,0   2,5   23:59  -0,1   04:14  17,3   0,0   6,9   0,8   5,0   06:18    SE
22   2,2   3,2   11:57   1,0   22:50  16,1   0,0  16,8   1,0   5,0   06:37    SE
23   2,1   4,7   14:08   0,9   23:34  16,2   0,0  11,4   2,7  17,3   09:54    SE
24   0,7   4,6   14:20  -2,0   23:34  17,6   0,0   0,0   2,9  18,4   16:35   ESE
25  -1,6   1,7   14:31  -3,6   03:11  19,9   0,0   0,0   2,1  12,2   23:39    SE
26  -0,7   4,8   15:12  -3,9   06:28  19,0   0,0   0,0   4,5  23,4   17:56     E
27  -2,1   0,4   14:45  -4,6   07:19  20,4   0,0   0,0   2,1   9,7   10:35    SE
28  -1,2   3,3   14:47  -3,6   07:48  19,5   0,0   0,0   1,9   8,6   15:07    SE
29   0,3   4,5   15:08  -2,1   00:10  18,0   0,0   0,0   2,0   7,2   01:28    SE
30   2,5   5,6   15:07   0,2   08:06  15,8   0,0   0,0   2,9   9,7   04:40    SE
31   2,9   6,1   15:39   1,6   01:42  15,4   0,0   1,2   2,1   7,2   00:24    SE
----------------------------------------------------------------------------------
    -0,8   6,8    14    -8,0    11   591,4   0,0  65,7   2,0  23,4    26      SE

Max >=  27,0:  0
Max <=   0,0:  6
Min <=   0,0: 26
Min <= -18,0:  0
Max Rain: 24,3 on day 3
Days of Rain: 9 (>= 0,2 mm)  5 (>= 2,0 mm)  1 (>= 20,0 mm)
Heat Base: 18,3  Cool Base: 18,3  Method: Integration