NOAA-Style Climate Reports

Select a Year or Month report
2020: Gen Feb Mar Apr Mag Giu Lug Ago Set Ott Nov Dic
2019: Gen Feb Mar Apr Mag Giu Lug Ago Set Ott Nov Dic
2018: Gen Feb Mar Apr Mag Giu Lug Ago Set Ott Nov Dic

Report for 2020 Luglio
                   Monthly Climatological Summary for lug 2020

Name: Meteo Albiano   City: Albiano   State: Italy
Elevation: 651 m  Lat: N 46° 08' 33"   Lon: E 011° 11' 57"

                  Temperature (°C), Rain (mm), Wind Speed (km/h)

                                      Heat  Cool        Avg
    Mean                              Deg   Deg         Wind                 Dom
Day Temp  High   Time   Low    Time   Days  Days  Rain  Speed High   Time    Dir
----------------------------------------------------------------------------------
 1  21,1  26,6   17:20  15,7   22:44   0,3   3,1  16,2   3,0  24,5   19:24   SSW
 2  19,8  27,3   15:43  15,1   06:35   1,1   2,6   0,9   3,4  17,3   17:37     S
 3  18,3  26,0   13:50  14,6   05:47   1,3   1,3   3,6   4,0  19,4   00:56     S
 4  19,6  25,9   16:40  14,8   03:57   1,1   2,5   0,0   3,5  17,3   17:25     S
 5  21,2  27,6   15:44  15,6   06:59   0,7   3,6   0,0   3,3  15,8   15:28     S
 6  21,9  29,0   16:17  16,2   23:57   0,2   3,8   5,1   4,1  27,0   15:25   SSW
 7  19,2  24,2   14:42  13,7   07:22   0,9   1,9   0,0   6,7  25,6   00:58   NNW
 8  19,6  25,2   17:08  15,3   00:31   1,0   2,3   0,0   3,5  20,9   14:21   SSW
 9  21,0  27,5   15:10  15,0   06:13   0,9   3,6   0,0   3,6  22,0   15:44   SSW
10  22,7  29,2   16:06  17,4   05:01   0,1   4,4   0,0   4,2  23,4   16:40   SSW
11  18,1  21,6   00:00  14,2   23:12   0,8   0,7   6,3   2,6  17,3   14:28   ENE
12  17,6  24,3   15:34  11,8   05:39   2,4   1,8   0,0   3,9  18,4   18:58   SSE
13  19,0  23,4   16:44  15,7   23:59   0,7   1,3   0,3   4,7  20,9   17:18    SW
14  16,7  20,7   16:47  13,8   05:22   2,1   0,5   1,2   3,0  15,8   11:26    SW
15  17,3  23,4   15:24  13,8   06:54   1,7   0,7   0,0   3,7  23,4   15:52     W
16  18,1  23,9   14:06  13,2   06:20   1,8   1,6   0,0   3,4  22,0   14:42     E
17  19,8  26,1   15:39  15,6   06:28   0,7   2,2   0,0   4,0  24,5   18:55   WSW
18  19,3  25,3   16:07  14,1   05:21   1,3   2,4   0,0   6,1  31,7   11:26     N
19  19,7  26,3   16:25  13,5   06:54   1,4   2,8   0,0   3,7  18,4   14:31     S
20  21,7  28,2   16:53  16,1   06:25   0,5   3,8   0,0   3,7  25,6   17:39   SSW
21  21,4  28,3   13:35  17,7   23:48   0,0   3,1   0,0   2,2  17,3   14:09   ENE
22  20,5  27,8   15:07  16,1   04:59   0,6   2,8   0,3   3,1  20,9   16:50    SE
23  21,2  28,8   15:48  15,0   06:29   1,0   4,0   0,0   4,0  17,3   16:51     S
24  15,7  19,9   00:00  14,4   08:08   2,6   0,0  27,9   2,8  36,7   00:17    SE
25  18,5  26,0   14:18  12,8   06:08   2,0   2,3   0,0   3,3  13,3   19:11    SE
26  20,1  26,5   16:32  15,4   05:47   0,8   2,6   1,2   3,4  19,4   15:07    SW
27  21,3  27,7   17:06  15,7   06:30   0,6   3,6   0,0   3,1  19,4   16:10   SSW
28  22,8  29,6   15:48  17,9   05:59   0,0   4,5   0,0   3,9  22,0   14:55   SSW
29  23,2  30,0   16:10  17,6   06:10   0,1   4,9   0,0   3,6  23,4   15:15    SW
30  24,5  31,3   16:06  20,8   06:16   0,0   6,2   0,0   3,0  25,6   23:38    SE
31  23,9  32,3   17:06  18,3   07:47   0,0   5,6   0,0   3,4  23,4   00:18   ENE
----------------------------------------------------------------------------------
    20,2  32,3    31    11,8    12    28,7  86,5  63,0   3,7  36,7    24       S

Max >=  27,0: 14
Max <=   0,0:  0
Min <=   0,0:  0
Min <= -18,0:  0
Max Rain: 27,9 on day 24
Days of Rain: 10 (>= 0,2 mm)  5 (>= 2,0 mm)  1 (>= 20,0 mm)
Heat Base: 18,3  Cool Base: 18,3  Method: Integration