NOAA-Style Climate Reports

Select a Year or Month report
2020: Gen Feb Mar Apr Mag Giu Lug Ago Set Ott Nov Dic
2019: Gen Feb Mar Apr Mag Giu Lug Ago Set Ott Nov Dic
2018: Gen Feb Mar Apr Mag Giu Lug Ago Set Ott Nov Dic

Report for 2020 Marzo
                   Monthly Climatological Summary for mar 2020

Name: Meteo Albiano   City: Albiano   State: Italy
Elevation: 651 m  Lat: N 46° 08' 33"   Lon: E 011° 11' 57"

                  Temperature (°C), Rain (mm), Wind Speed (km/h)

                                      Heat  Cool        Avg
    Mean                              Deg   Deg         Wind                 Dom
Day Temp  High   Time   Low    Time   Days  Days  Rain  Speed High   Time    Dir
----------------------------------------------------------------------------------
 1   2,4   3,9   15:50   1,1   08:17  15,9   0,0   5,4   0,7   5,0   13:27   ESE
 2   2,2   4,4   11:06   0,4   20:33  16,1   0,0   8,1   0,9   8,6   11:46     E
 3   2,5   4,1   22:18   0,8   00:00  15,8   0,0  27,9   3,2  17,3   22:12    SE
 4   5,0  10,4   16:06   1,1   23:26  13,3   0,0   0,0   5,2  34,2   11:22     N
 5   2,5   5,9   14:45   0,6   23:02  15,8   0,0   2,1   1,4  12,2   03:05   NNE
 6   2,5   8,1   14:24   0,2   07:24  15,8   0,0  19,8   1,8   7,2   17:34    SE
 7   5,3  11,1   14:27   1,1   04:31  13,0   0,0   0,0   6,3  41,8   13:19    NE
 8   4,4  11,3   15:23  -0,1   06:54  13,9   0,0   0,0   3,4  15,8   01:10   ESE
 9   4,4   8,1   14:14   1,1   06:38  13,9   0,0   0,0   2,7  29,5   14:49     E
10   6,5  12,2   15:40   3,5   06:06  11,8   0,0   0,0   3,0  12,2   15:28     E
11   8,1  16,8   15:40   2,7   06:32  10,1   0,0   0,0   2,6  11,2   13:42   ESE
12   8,6  14,6   14:33   4,0   06:59   9,7   0,0   0,0   2,4  17,3   16:37    SE
13  10,5  16,3   16:07   6,7   23:51   7,8   0,0   0,0   2,2  13,3   14:52     N
14   4,3   6,8   03:18   2,8   23:57  14,2   0,0   6,9   1,8  13,3   07:46     E
15   4,6   8,9   16:52   1,7   06:27  13,7   0,0   0,0   2,2  12,2   12:27   ENE
16   6,0  13,8   15:52   1,0   06:18  12,3   0,0   0,0   3,2  13,3   14:32     E
17   7,8  15,9   16:16   2,4   06:35  10,5   0,0   0,0   2,9  14,8   14:51     E
18  10,2  18,8   15:44   4,9   07:01   8,1   0,0   0,0   3,1  13,3   14:38   ESE
19  10,8  19,1   15:43   5,7   07:23   7,5   0,0   0,0   3,1  14,8   15:34    SE
20  10,9  17,7   15:03   5,7   06:59   7,4   0,0   0,0   3,3  17,3   19:32     S
21  11,0  18,3   14:06   6,4   07:01   7,3   0,0   0,0   2,6  18,4   14:30     E
22   8,6  12,7   15:33   4,8   23:45   9,7   0,0   0,6   3,1  19,4   21:58   SSW
23   3,2   7,0   13:48  -0,6   23:23  15,1   0,0   0,0   5,2  20,9   09:29    SW
24   3,1   9,8   14:47  -2,2   06:28  15,2   0,0   0,0   3,7  15,8   17:33   SSW
25   1,8   6,3   14:19  -1,4   06:36  16,5   0,0   0,0   3,8  25,6   16:09   SSW
26   2,6   5,2   11:58  -1,5   03:02  15,7   0,0   0,0   3,3  17,3   07:10     N
27   6,5   9,9   12:57   3,3   06:25  11,8   0,0   0,0   1,7   9,7   10:57     E
28   9,4  17,8   15:37   3,5   06:53   8,9   0,0   0,0   3,2  15,8   13:13    SE
29  10,0  15,4   13:19   5,9   07:04   8,0   0,0   0,3   3,1  17,3   13:52   SSE
30   5,2   7,4   00:00   3,1   23:11  13,1   0,0   8,1   1,6  11,2   04:38   ENE
31   3,2   8,2   15:38  -0,1   07:01  15,1   0,0   0,0   4,1  19,4   18:19     S
----------------------------------------------------------------------------------
     5,9  19,1    19    -2,2    24   383,0   0,0  79,2   2,9  41,8     7     ESE

Max >=  27,0:  0
Max <=   0,0:  0
Min <=   0,0:  6
Min <= -18,0:  0
Max Rain: 27,9 on day 3
Days of Rain: 9 (>= 0,2 mm)  7 (>= 2,0 mm)  1 (>= 20,0 mm)
Heat Base: 18,3  Cool Base: 18,3  Method: Integration