NOAA-Style Climate Reports

Select a Year or Month report
2020: Gen Feb Mar Apr Mag Giu Lug Ago Set Ott Nov Dic
2019: Gen Feb Mar Apr Mag Giu Lug Ago Set Ott Nov Dic
2018: Gen Feb Mar Apr Mag Giu Lug Ago Set Ott Nov Dic

Report for 2019 Novembre
                   Monthly Climatological Summary for nov 2019

Name: Meteo Albiano   City: Albiano   State: Italy
Elevation: 651 m  Lat: N 46° 08' 33"   Lon: E 011° 11' 57"

                  Temperature (°C), Rain (mm), Wind Speed (km/h)

                                      Heat  Cool        Avg
    Mean                              Deg   Deg         Wind                 Dom
Day Temp  High   Time   Low    Time   Days  Days  Rain  Speed High   Time    Dir
----------------------------------------------------------------------------------
 1   8,9  10,6   14:06   7,8   22:40   9,4   0,0   0,0   1,0   8,6   12:23   NNE
 2   8,0   8,7   14:25   7,4   07:37  10,3   0,0   1,2   0,6   6,1   14:53    NE
 3   8,9  10,5   10:08   7,8   23:20   9,4   0,0  31,2   0,9  11,2   06:30     E
 4   8,3  13,2   15:18   5,5   07:23  10,0   0,0   2,1   2,1   7,2   05:01    SE
 5   8,3   9,6   15:17   6,7   23:55  10,0   0,0   9,6   1,0  11,2   22:32   ENE
 6   5,1   6,7   00:00   4,0   05:39  13,2   0,0   7,8   1,1   7,2   00:42    SE
 7   5,3   7,2   13:40   3,9   01:54  13,0   0,0   4,2   1,1   8,6   09:51   NNE
 8   3,7   5,6   00:00   1,3   09:59  14,6   0,0  11,4   0,9   6,1   12:36     E
 9   5,0   9,9   14:54   2,3   23:52  13,3   0,0   1,5   1,8  12,2   12:50   ESE
10   3,4   9,6   15:23   0,9   06:25  14,9   0,0   0,0   2,5   9,7   18:47    SE
11   2,4   3,7   11:05   0,8   05:00  15,9   0,0   5,4   1,1   6,1   00:15   ESE
12   4,1   5,8   14:39   2,9   01:00  14,2   0,0  11,4   1,9  25,6   23:47   ENE
13   3,2   6,9   14:22   0,4   23:38  15,1   0,0   8,4   6,2  27,0   16:16     N
14   1,5   6,6   14:34  -1,2   06:33  16,8   0,0   0,0   2,1   9,7   04:20    SE
15   1,8   3,0   00:00   0,8   15:33  16,5   0,0  34,2   1,0   7,2   03:30   ESE
16   4,4   6,9   14:08   2,1   00:25  13,9   0,0   3,9   0,7   7,2   12:40   ESE
21   5,3   6,3   15:44   4,5   04:57  13,0   0,0   0,0   0,7   5,0   12:16   ESE
22   5,8   6,9   11:06   4,6   07:39  12,5   0,0   0,9   0,7   5,0   07:15   ESE
23   6,0   6,5   11:59   5,4   06:32  12,3   0,0   6,0   0,6   5,0   04:15     E
24   7,2   8,8   14:56   6,2   00:27  11,1   0,0   5,7   1,0   7,2   09:45   ESE
25   7,5  12,5   14:37   5,5   23:36  10,8   0,0   0,3   2,1   8,6   22:50    SE
26   6,3   9,5   14:17   4,1   07:46  12,0   0,0   0,0   1,9   6,1   00:18    SE
27   6,5   6,9   12:36   5,9   09:51  11,8   0,0   6,3   0,5   6,1   09:09     E
28   6,1   7,8   13:56   4,8   23:46  12,2   0,0   0,3   1,0   6,1   11:48     E
29   4,3   7,9   14:52   2,5   07:11  14,0   0,0   0,0   2,1   6,1   03:35    SE
30   3,7  10,0   14:30   1,6   23:12  14,6   0,0   0,0   2,6   8,6   01:27    SE
----------------------------------------------------------------------------------
     7,0  26,0    18    -1,2    14   347,0   6,8 162,6   1,5  27,0    13     ESE

Max >=  27,0:  0
Max <=   0,0:  0
Min <=   0,0:  1
Min <= -18,0:  0
Max Rain: 34,2 on day 15
Days of Rain: 20 (>= 0,2 mm)  15 (>= 2,0 mm)  2 (>= 20,0 mm)
Heat Base: 18,3  Cool Base: 18,3  Method: Integration