NOAA-Style Climate Reports

Select a Year or Month report
2020: Gen Feb Mar Apr Mag Giu Lug Ago Set Ott Nov Dic
2019: Gen Feb Mar Apr Mag Giu Lug Ago Set Ott Nov Dic
2018: Gen Feb Mar Apr Mag Giu Lug Ago Set Ott Nov Dic

Report for 2019 Maggio
                   Monthly Climatological Summary for mag 2019

Name: Meteo Albiano   City: Albiano   State: Italy
Elevation: 651 m  Lat: N 46° 08' 33"   Lon: E 011° 11' 57"

                  Temperature (°C), Rain (mm), Wind Speed (km/h)

                                      Heat  Cool        Avg
    Mean                              Deg   Deg         Wind                 Dom
Day Temp  High   Time   Low    Time   Days  Days  Rain  Speed High   Time    Dir
----------------------------------------------------------------------------------
 1  12,7  20,4   16:55   5,9   07:03   5,8   0,2   0,0   4,2  19,4   17:10   NNW
 2  13,0  20,0   14:34   7,2   07:03   5,4   0,1   0,3   4,5  23,4   15:18   SSW
 3  10,6  15,9   15:09   8,4   21:41   7,7   0,0   5,7   2,7  24,5   15:32   SSE
 4  10,0  14,8   14:40   7,8   04:18   8,3   0,0   5,4   2,3  15,8   14:30    NE
 5   4,3   7,8   00:00   1,0   07:59  14,0   0,0   8,7  11,1  52,6   04:43     N
 6   8,5  14,3   16:48   4,7   06:29   9,8   0,0   0,0   9,2  36,7   10:33     N
 7   8,1  14,9   15:37   1,5   06:23  10,2   0,0   0,0   3,9  20,9   12:12   SSW
 8   8,7  11,3   14:38   7,0   21:49   9,6   0,0   3,9   2,6  17,3   14:54    SW
 9  10,3  17,0   17:25   6,6   03:24   8,0   0,0   1,5   2,6  17,3   15:36   NNW
10  13,0  19,1   15:38   8,1   03:18   5,4   0,1   0,0   3,0  18,4   18:47    SW
11  11,6  14,6   14:06   6,5   23:51   6,7   0,0  13,5   3,4  36,7   20:32    NW
12   9,8  12,3   16:07   5,8   02:32   8,5   0,0   5,4  11,3  40,3   20:58   NNE
13  12,2  17,0   14:24  10,1   02:55   6,1   0,0   0,0  11,4  45,4   00:18     N
14  10,9  14,8   14:37   7,1   23:30   7,4   0,0   0,0  11,8  55,1   14:15     N
15   9,7  14,7   18:07   6,6   02:06   8,6   0,0   0,0   7,0  29,5   01:15     N
16  10,6  16,4   14:48   4,8   06:11   7,7   0,0   0,0   3,7  22,0   13:18    SW
17  12,5  15,8   16:50   9,5   06:06   5,8   0,0   0,0   3,2  15,8   11:49    SW
18  10,2  11,2   14:19   8,9   23:05   8,1   0,0   8,4   1,7   9,7   15:14     S
19   9,6  11,7   16:47   7,6   05:26   8,7   0,0   8,1   1,6   8,6   14:15   ENE
20  10,5  12,0   15:25   9,7   05:54   7,8   0,0   9,3   0,9   7,2   09:23    NE
21  12,3  17,6   17:34   9,1   05:34   6,0   0,0   0,3   1,9   9,7   17:41    NE
22  15,2  21,5   14:34  10,6   06:15   3,6   0,5   0,0   2,8  18,4   14:54   NNE
23  15,4  22,6   15:30   9,1   06:19   3,9   1,1   0,0   4,1  18,4   14:57   SSW
24  16,9  23,4   16:53  11,9   05:33   2,6   1,2   0,0   4,1  22,0   17:46     W
25  14,5  19,2   17:06  12,3   23:31   3,8   0,0   3,3   2,1  12,2   21:39   ENE
26  15,0  20,9   16:53  11,2   04:57   3,6   0,3   2,7   2,6  14,8   15:43     N
27  12,8  13,8   10:58  11,9   23:57   5,5   0,0   6,6   1,3  12,2   13:25   SSE
28  12,8  17,0   17:04   9,6   23:49   5,5   0,0   6,9   2,2  13,3   19:39    NE
29  13,0  16,2   18:10   9,6   00:00   5,3   0,0   0,3   8,1  31,7   15:39   NNE
30  15,0  21,0   13:00  10,3   05:07   3,5   0,2   0,3   4,7  28,1   11:36     N
31  15,3  23,6   16:33   8,5   06:07   4,2   1,2   0,0   4,8  36,7   13:04   NNE
----------------------------------------------------------------------------------
    11,8  23,6    31     1,0     5   207,1   4,9  90,6   4,5  55,1    14       N

Max >=  27,0:  0
Max <=   0,0:  0
Min <=   0,0:  0
Min <= -18,0:  0
Max Rain: 13,5 on day 11
Days of Rain: 18 (>= 0,2 mm)  13 (>= 2,0 mm)  0 (>= 20,0 mm)
Heat Base: 18,3  Cool Base: 18,3  Method: Integration