NOAA-Style Climate Reports

Select a Year or Month report
2020: Gen Feb Mar Apr Mag Giu Lug Ago Set Ott Nov Dic
2019: Gen Feb Mar Apr Mag Giu Lug Ago Set Ott Nov Dic
2018: Gen Feb Mar Apr Mag Giu Lug Ago Set Ott Nov Dic

Report for 2018 Ottobre
                   Monthly Climatological Summary for ott 2018

Name: Meteo Albiano   City: Albiano   State: Italy
Elevation: 651 m  Lat: N 46° 08' 33"   Lon: E 011° 11' 57"

                  Temperature (°C), Rain (mm), Wind Speed (km/h)

                                      Heat  Cool        Avg
    Mean                              Deg   Deg         Wind                 Dom
Day Temp  High   Time   Low    Time   Days  Days  Rain  Speed High   Time    Dir
----------------------------------------------------------------------------------
 1   9,8  11,0   10:38   8,5   02:59   8,5   0,0   6,9   2,9  27,0   22:14   NNE
 2  11,0  17,1   16:27   6,6   08:06   7,3   0,0   0,0   4,8  29,5   00:11     N
 3  11,9  21,6   15:01   6,3   06:59   6,7   0,3   0,0   2,5  11,2   15:07    SE
 4  12,8  20,6   15:07   8,1   07:22   5,7   0,3   0,0   2,7  14,8   14:31    SE
 5  12,8  20,1   16:14   8,4   07:19   5,7   0,2   0,0   2,1  11,2   03:50   ESE
 6  12,9  15,7   12:56  10,9   08:42   5,4   0,0   0,3   1,4  12,2   02:15     E
 7  13,6  18,6   17:29  10,3   07:14   4,7   0,0   0,0   1,6   6,1   13:13   ESE
 8  14,5  21,0   15:33  11,5   05:49   4,0   0,1   0,0   1,9  12,2   15:27   ESE
 9  15,4  22,1   16:06  11,8   04:13   3,4   0,5   0,0   2,1  12,2   14:58    SE
10  14,8  21,4   15:24  10,9   06:42   3,9   0,4   0,0   2,5  17,3   16:15   SSE
11  13,9  19,3   16:27   9,7   07:40   4,4   0,1   0,0   1,8   9,7   14:17   ESE
12  15,0  22,3   16:11  11,0   07:43   3,8   0,5   0,0   2,2   9,7   07:28   ESE
13  14,3  21,5   15:32  10,6   07:19   4,4   0,4   0,0   2,4  14,8   15:34    SE
14  13,5  20,6   15:24   8,3   08:12   5,0   0,2   0,0   2,3  14,8   15:35   SSE
15  13,6  19,3   15:21  10,4   23:54   4,8   0,1   0,0   2,4  17,3   13:49   SSE
16  12,2  17,8   15:48   8,9   04:53   6,1   0,0   0,0   2,2  11,2   07:07     E
17  12,4  18,0   15:37   8,8   08:06   5,9   0,0   0,0   2,0  12,2   00:33     E
18  13,4  18,9   15:40  10,3   07:38   4,9   0,0   0,0   1,6   9,7   07:42   ESE
19  13,6  21,0   15:53   9,4   07:44   4,9   0,2   0,0   1,9   9,7   16:32    SE
20  13,8  20,3   16:17  10,6   07:59   4,6   0,2   0,0   1,9  11,2   08:22   ESE
21  11,5  20,4   15:31   6,4   23:54   6,9   0,2   0,0   3,4  22,0   18:32   SSE
22   8,2  15,3   15:36   3,2   08:40  10,1   0,0   0,0   2,2   8,6   13:53   ESE
23   9,3  15,3   16:06   5,3   07:20   9,0   0,0   0,0   2,3   7,2   12:41   ESE
24  16,4  24,2   14:41   8,8   00:07   3,6   1,7   0,0   8,4  50,0   15:45    NW
25  14,9  20,9   14:31  11,5   21:51   3,6   0,2   0,0   2,6  12,2   15:07   ENE
26  11,7  12,7   16:06  10,3   07:03   6,6   0,0   0,0   0,8   9,7   09:53   ENE
27  11,7  13,2   06:48  10,7   23:41   6,6   0,0  33,3   2,3  15,8   05:52   SSE
28   9,7  10,7   00:00   8,8   21:48   9,0   0,0  84,3   1,0   7,2   05:33     E
29   9,9  13,8   20:25   8,9   03:11   8,4   0,0  57,6   2,5  25,6   19:58    SE
30   8,0  10,8   00:17   5,9   22:29  10,3   0,0  13,5   3,9  22,0   00:17   SSW
31   8,0  12,2   13:13   5,0   05:18  10,3   0,0   0,0   1,5   8,6   10:18   ESE
----------------------------------------------------------------------------------
    12,4  24,2    24     3,2    22   188,5   5,6 195,9   2,5  50,0    24     ESE

Max >=  27,0:  0
Max <=   0,0:  0
Min <=   0,0:  0
Min <= -18,0:  0
Max Rain: 84,3 on day 28
Days of Rain: 6 (>= 0,2 mm)  5 (>= 2,0 mm)  3 (>= 20,0 mm)
Heat Base: 18,3  Cool Base: 18,3  Method: Integration