NOAA-Style Climate Reports

Select a Year or Month report
2020: Gen Feb Mar Apr Mag Giu Lug Ago Set Ott Nov Dic
2019: Gen Feb Mar Apr Mag Giu Lug Ago Set Ott Nov Dic
2018: Gen Feb Mar Apr Mag Giu Lug Ago Set Ott Nov Dic

Report for 2018 Agosto
                   Monthly Climatological Summary for ago 2018

Name: Meteo Albiano   City: Albiano   State: Italy
Elevation: 651 m  Lat: N 46° 08' 33"   Lon: E 011° 11' 57"

                  Temperature (°C), Rain (mm), Wind Speed (km/h)

                                      Heat  Cool        Avg
    Mean                              Deg   Deg         Wind                 Dom
Day Temp  High   Time   Low    Time   Days  Days  Rain  Speed High   Time    Dir
----------------------------------------------------------------------------------
 1  24,7  32,5   15:04  19,4   05:51   0,0   6,4   0,0   3,1  19,4   17:07   SSE
 2  23,6  30,8   16:26  18,1   23:02   0,0   5,3   2,4   3,9  34,2   00:21   WNW
 3  22,7  30,7   17:45  17,3   06:12   0,2   4,6   0,3   3,2  13,3   22:32   SSE
 4  22,5  30,3   16:21  17,9   05:33   0,0   4,2   0,6   3,3  20,9   15:52   SSE
 5  24,0  31,5   15:43  18,0   05:33   0,0   5,7   0,0   3,6  17,3   16:09     S
 6  23,3  29,6   15:15  19,1   06:46   0,0   5,0   0,0   4,0  23,4   21:33   WNW
 7  23,1  30,8   16:25  17,1   05:55   0,2   5,0   0,0   3,2  17,3   15:45   SSE
 8  23,1  29,7   15:38  18,7   05:52   0,0   4,8   0,0   3,7  19,4   17:21   SSW
 9  21,9  28,7   13:33  17,0   06:31   0,2   3,8   0,0   3,9  24,5   17:18     S
10  22,1  28,4   15:22  17,4   01:56   0,1   3,9   0,0   3,1  23,4   14:52   SSW
11  22,3  28,7   15:04  17,3   06:06   0,1   4,1   0,0   3,5  19,4   14:55     S
12  21,5  27,2   15:51  17,4   05:07   0,1   3,3   0,0   2,6  17,3   15:26     S
13  20,3  28,0   14:44  16,5   06:59   0,3   2,4   1,2   2,6  17,3   14:07   SSE
14  18,7  24,9   15:22  15,0   23:51   1,0   1,4   0,9   3,3  25,6   18:00     N
15  19,4  27,1   16:46  13,3   06:15   1,8   2,9   0,0   3,5  18,4   15:14   SSE
16  21,2  27,0   16:17  17,1   06:50   0,2   3,1   0,0   2,9  22,0   17:37   SSW
17  22,3  29,3   15:47  17,1   06:55   0,1   4,1   0,0   2,8  18,4   16:51     S
18  22,9  29,8   15:41  18,5   04:55   0,0   4,6   0,0   3,2  18,4   17:27   NNW
19  22,3  29,6   16:20  16,7   06:10   0,3   4,3   0,0   3,1  18,4   16:25     S
20  21,3  29,4   14:57  15,2   06:47   0,8   3,8   4,5   4,0  25,6   23:49   SSE
21  21,3  29,5   17:03  15,7   06:56   0,7   3,7   3,3   4,0  37,8   00:17   WNW
22  22,7  29,0   16:30  17,3   06:52   0,1   4,5   0,0   2,8  14,8   14:50     S
23  22,1  28,8   15:15  18,2   06:42   0,0   3,8   0,0   3,3  19,4   16:35   NNW
24  20,6  27,5   13:58  17,1   23:17   0,2   2,5   0,0   3,2  23,4   16:15   WNW
25  16,6  20,3   13:17  11,7   23:57   1,9   0,1  19,2   2,5  25,6   23:10    NW
26  14,6  21,0   17:42  10,2   02:38   4,2   0,5   5,1   8,5  31,7   06:40   NNW
27  14,9  24,0   16:44   8,1   07:27   4,5   1,1   0,0   2,9  13,3   17:00    SE
28  18,1  26,3   16:06  12,3   06:53   2,3   2,1   0,0   2,8  14,8   14:21   SSE
29  19,0  26,1   17:34  13,6   07:43   1,5   2,3   0,0   2,8  17,3   15:43   SSE
30  19,0  24,0   15:24  15,4   07:12   0,7   1,4   0,0   2,0  13,3   14:57    NE
31  16,0  18,3   00:00  14,5   21:28   2,3   0,0  24,9   1,0   6,1   12:57     E
----------------------------------------------------------------------------------
    20,9  32,5     1     8,1    27    23,8 104,7  62,4   3,3  37,8    21     SSW

Max >=  27,0: 23
Max <=   0,0:  0
Min <=   0,0:  0
Min <= -18,0:  0
Max Rain: 24,9 on day 31
Days of Rain: 10 (>= 0,2 mm)  6 (>= 2,0 mm)  1 (>= 20,0 mm)
Heat Base: 18,3  Cool Base: 18,3  Method: Integration