NOAA-Style Climate Reports

Select a Year or Month report
2020: Gen Feb Mar Apr Mag Giu Lug Ago Set Ott Nov Dic
2019: Gen Feb Mar Apr Mag Giu Lug Ago Set Ott Nov Dic
2018: Gen Feb Mar Apr Mag Giu Lug Ago Set Ott Nov Dic

Report for 2018 Luglio
                   Monthly Climatological Summary for lug 2018

Name: Meteo Albiano   City: Albiano   State: Italy
Elevation: 651 m  Lat: N 46° 08' 33"   Lon: E 011° 11' 57"

                  Temperature (°C), Rain (mm), Wind Speed (km/h)

                                      Heat  Cool        Avg
    Mean                              Deg   Deg         Wind                 Dom
Day Temp  High   Time   Low    Time   Days  Days  Rain  Speed High   Time    Dir
----------------------------------------------------------------------------------
 1  22,7  27,2   15:47  19,0   06:13   0,0   4,4   0,0   4,4  22,0   17:26   SSW
 2  21,1  25,0   16:37  18,5   06:54   0,0   2,8   0,0   4,2  25,6   14:27   SSW
 3  19,9  27,4   15:30  14,8   23:35   0,7   2,4  19,5   3,6  31,7   17:23   SSW
 4  18,1  25,8   15:31  13,7   04:46   1,8   1,6   0,0   3,0  15,8   15:59     E
 5  19,2  26,1   16:13  14,9   23:51   1,3   2,2   7,5   3,1  22,0   21:16     S
 6  17,8  25,0   13:18  12,8   05:36   2,1   1,5   0,6   4,3  19,4   13:55     E
 7  21,0  28,3   16:59  14,6   06:39   0,8   3,6   0,0   4,6  19,4   13:43    NE
 8  20,5  27,4   15:06  14,4   07:46   0,9   3,1   0,0   3,7  17,3   16:06   SSE
 9  21,0  27,4   15:05  14,9   06:08   0,7   3,4   0,0   3,3  20,9   18:45   WSW
10  19,8  25,5   19:18  15,3   22:37   0,5   2,0  14,7   3,3  24,5   12:40   SSW
11  18,5  24,0   17:47  14,7   05:27   1,4   1,6   0,3   2,8  20,9   13:29     S
12  19,4  24,4   17:09  15,8   22:49   0,7   1,7   4,2   3,0  20,9   13:13     S
13  19,4  26,4   15:49  13,7   05:58   1,6   2,7   0,3   3,5  20,9   17:33   SSE
14  20,4  28,3   15:17  15,9   06:09   0,6   2,7   5,1   3,4  12,2   08:28    SE
15  19,4  27,2   17:08  15,0   05:36   1,2   2,3   9,3   3,4  13,3   16:09   ENE
16  18,0  25,0   14:28  14,0   06:08   1,8   1,4   0,6   2,9  18,4   16:29    SE
17  20,0  28,3   17:24  13,7   05:47   1,4   3,1   0,0   4,4  27,0   17:29   ENE
18  21,3  29,4   17:00  14,9   06:54   0,9   3,9   0,0   3,6  14,8   14:35    SE
19  22,0  29,6   15:36  15,9   07:18   0,4   4,1   0,0   3,3  19,4   17:08    SE
20  20,1  26,6   12:25  17,4   23:51   0,1   1,9   2,4   2,2  14,8   12:55   ESE
21  17,0  20,2   13:32  14,3   06:18   1,5   0,3  13,5   2,3  18,4   04:19   ESE
22  19,5  26,2   18:12  14,0   05:21   1,4   2,6   0,0   3,0  15,8   14:08   ESE
23  21,5  27,6   14:33  15,9   07:13   0,6   3,8   0,0   6,3  35,6   16:27   NNE
24  21,2  27,8   16:33  15,2   06:34   0,7   3,6   0,0   3,5  17,3   14:22   SSE
25  22,8  29,8   14:13  17,6   07:31   0,0   4,6   0,0   3,6  19,4   15:26   SSE
26  22,0  28,8   14:53  17,1   06:56   0,1   3,9   0,0   4,1  22,0   19:46     S
27  21,8  28,1   14:50  17,0   06:05   0,2   3,8   0,0   3,0  20,9   15:27   SSE
28  21,4  29,1   14:34  17,6   23:56   0,1   3,2   0,0   3,7  25,6   16:45     N
29  22,3  29,6   15:11  16,3   06:42   0,5   4,5   0,0   3,3  20,9   14:08     S
30  24,0  31,5   15:15  19,5   06:42   0,0   5,7   0,0   2,3  18,4   14:44    SE
31  24,1  31,7   14:50  19,0   05:45   0,0   5,8   0,0   2,9  15,8   16:08    SE
----------------------------------------------------------------------------------
    20,6  31,7    31    12,8     6    24,0  94,2  78,0   3,5  35,6    23      SE

Max >=  27,0: 19
Max <=   0,0:  0
Min <=   0,0:  0
Min <= -18,0:  0
Max Rain: 19,5 on day 3
Days of Rain: 12 (>= 0,2 mm)  8 (>= 2,0 mm)  0 (>= 20,0 mm)
Heat Base: 18,3  Cool Base: 18,3  Method: Integration