NOAA-Style Climate Reports

Select a Year or Month report
2020: Gen Feb Mar Apr Mag Giu Lug Ago Set Ott Nov Dic
2019: Gen Feb Mar Apr Mag Giu Lug Ago Set Ott Nov Dic
2018: Gen Feb Mar Apr Mag Giu Lug Ago Set Ott Nov Dic

Report for 2018 Aprile
                   Monthly Climatological Summary for apr 2018

Name: Meteo Albiano   City: Albiano   State: Italy
Elevation: 651 m  Lat: N 46° 08' 33"   Lon: E 011° 11' 57"

                  Temperature (°C), Rain (mm), Wind Speed (km/h)

                                      Heat  Cool        Avg
    Mean                              Deg   Deg         Wind                 Dom
Day Temp  High   Time   Low    Time   Days  Days  Rain  Speed High   Time    Dir
----------------------------------------------------------------------------------
 1   6,9  13,8   16:08   2,4   01:27  11,5   0,0   0,3   3,6  19,4   04:57     E
 2   7,1  14,9   15:09   0,8   07:14  11,2   0,0   0,0   3,7  22,0   13:38   SSE
 3   7,9  10,9   16:34   4,6   07:16  10,4   0,0   5,1   1,9  12,2   16:32     E
 4   7,3  10,9   17:33   6,7   00:06  20,1   0,0   8,4   1,1  17,3   22:10   NNW
 5   9,6  16,0   16:31   6,6   06:46   8,7   0,0   1,0   2,5  14,8   14:48   NNE
 6   9,4  17,6   16:35   3,2   07:50   8,9   0,0   0,0   3,4  18,4   15:02     E
 7  10,5  16,5   16:28   5,5   05:33   7,8   0,0   0,0   3,1  15,8   14:43     S
 8  11,3  18,5   17:09   6,3   06:36   7,0   0,0   0,0   2,8  17,3   17:26     S
 9  10,0  15,0   15:19   7,1   06:59   8,3   0,0   0,3   2,5  17,3   16:48    SE
10   9,2  14,6   14:21   5,8   23:48   9,1   0,0   8,4   2,9  22,0   15:10   SSW
11   7,9  12,8   15:16   4,3   07:04  10,5   0,0  12,0   1,8   9,7   13:48    SE
12   7,4  10,1   18:06   5,7   07:21  10,9   0,0  27,9   1,2   8,6   16:30     E
13   8,0  15,7   17:29   3,7   07:59  13,5   0,0  21,3   3,0  18,4   12:37     S
14  10,5  19,0   16:18   4,1   07:05   7,9   0,0   0,0   3,3  15,8   16:38   ENE
15  11,1  17,5   14:43   7,6   06:33   7,3   0,0   1,5   3,1  17,3   12:44   ESE
16  13,2  21,1   16:32   8,2   07:52   5,5   0,3   4,8   3,2  17,3   16:44    SE
17  14,8  22,8   17:36   8,7   05:59   4,4   0,9   0,0   4,4  27,0   15:57   NNE
18  15,3  24,2   16:57   8,3   06:18   4,4   1,4   0,0   3,6  14,8   16:06     E
19  15,5  24,3   16:17   8,8   06:45   4,1   1,3   0,0   3,4  18,4   14:21    SE
20  17,1  26,2   17:33  10,3   07:01   3,2   2,0   0,0   3,4  13,3   15:05   ESE
21  17,3  25,9   16:31  11,1   07:16   2,9   1,9   0,0   3,3  14,8   15:31   ENE
22  17,2  24,6   15:50  11,7   05:04   2,7   1,7   0,0   3,3  20,9   17:34   SSE
23  16,8  23,7   15:20  11,7   06:42   2,7   1,3   0,0   3,4  23,4   16:55    SE
24  16,9  24,0   15:15  11,2   06:35   2,8   1,4   0,0   3,4  22,0   13:35     S
25  17,7  23,8   14:56  12,9   06:56   2,0   1,4   0,0   2,6  17,3   15:43     S
26  17,6  23,7   16:10  12,9   04:18   2,1   1,4   0,0   3,5  28,1   15:22   SSW
27  16,2  21,7   17:05  12,6   23:54   2,6   0,6   0,0   2,8  15,8   12:34    SW
28  16,2  23,6   15:43  10,0   06:21   3,3   1,2   0,0   3,3  17,3   16:17     S
29  15,5  21,3   12:34  12,4   06:35   3,1   0,3   0,0   2,4  15,8   12:41   SSE
30  14,4  19,1   14:42  10,6   07:30   3,9   0,1   1,8   5,7  30,6   12:34   SSW
----------------------------------------------------------------------------------
    12,5  26,2    20     0,8     2   202,8  17,2  92,8   3,1  30,6    30      SE

Max >=  27,0:  0
Max <=   0,0:  0
Min <=   0,0:  0
Min <= -18,0:  0
Max Rain: 27,9 on day 12
Days of Rain: 12 (>= 0,2 mm)  7 (>= 2,0 mm)  2 (>= 20,0 mm)
Heat Base: 18,3  Cool Base: 18,3  Method: Integration